{"id":660,"date":"2026-01-20T11:25:20","date_gmt":"2026-01-20T04:25:20","guid":{"rendered":"http:\/\/anhthu24h.com\/?page_id=660"},"modified":"2026-01-22T12:35:04","modified_gmt":"2026-01-22T05:35:04","slug":"huawei-honor","status":"publish","type":"page","link":"http:\/\/anhthu24h.com\/?page_id=660","title":{"rendered":"HUAWEI \/ HONOR"},"content":{"rendered":"\n<p style=\"text-transform:capitalize\"><strong>thay c\u00e1p g\u1eadp<\/strong><\/p>\n\n\n\n<ul class=\"wp-block-list\">\n<li>honor magic v3 (zin h\u00e3ng): 3.000k<\/li>\n\n\n\n<li>honor magic v2 (zin h\u00e3ng): 2.800k<\/li>\n\n\n\n<li>honor magic v2 rsr (zin h\u00e3ng): 2.800k<\/li>\n\n\n\n<li>honor magic vs (zin h\u00e3ng): 2.800k<\/li>\n\n\n\n<li>honor magic v (zin h\u00e3ng): 2.800k<\/li>\n<\/ul>\n\n\n\n<p style=\"text-transform:capitalize\"><em><mark style=\"background-color:rgba(0, 0, 0, 0);color:#c60000\" class=\"has-inline-color\">b\u1ea3ng gi\u00e1 huawei \/ honor (\u00e9p k\u00ednh \u2013 \u00e9p c\u1ea3m \u1ee9ng)<\/mark><\/em><\/p>\n\n\n\n<p style=\"text-transform:capitalize\"><strong>honor<\/strong><\/p>\n\n\n\n<ul class=\"wp-block-list\">\n<li>honor magic 7 pro oled cong: \u00e9p k\u00ednh 1300<\/li>\n\n\n\n<li>honor play: \u00e9p k\u00ednh 400<\/li>\n\n\n\n<li>honor x6b: \u00e9p k\u00ednh 300<\/li>\n\n\n\n<li>honor x7b 2023 \/ play 8t \/ play 50 plus: \u00e9p k\u00ednh 300<\/li>\n\n\n\n<li>honor x9b \/ x50 (cong): \u00e9p k\u00ednh 800<\/li>\n\n\n\n<li>honor v20: \u00e9p k\u00ednh 400<\/li>\n\n\n\n<li>honor 4x: \u00e9p c\u1ea3m \u1ee9ng 400<\/li>\n\n\n\n<li>honor 4c \/ g play mini: \u00e9p c\u1ea3m \u1ee9ng 400<\/li>\n\n\n\n<li>honor 8: \u00e9p k\u00ednh 350<\/li>\n\n\n\n<li>honor 8c: \u00e9p k\u00ednh 400<\/li>\n\n\n\n<li>honor 8x \/ view 10 lite \/ jsn series: \u00e9p k\u00ednh 300<\/li>\n\n\n\n<li>honor 8x max: \u00e9p k\u00ednh 400<\/li>\n\n\n\n<li>honor 9 lite (lld-l31): \u00e9p c\u1ea3m \u1ee9ng 400<\/li>\n\n\n\n<li>honor 9i: \u00e9p c\u1ea3m \u1ee9ng 400<\/li>\n\n\n\n<li>honor 10 (kh\u00f4ng v\u00e2n tay): \u00e9p c\u1ea3m \u1ee9ng 450<\/li>\n\n\n\n<li>honor 10 (c\u00f3 v\u00e2n tay): \u00e9p c\u1ea3m \u1ee9ng 800<\/li>\n\n\n\n<li>honor 10 lite: \u00e9p k\u00ednh 400<\/li>\n\n\n\n<li>honor 20 \/ 20i \/ 20 pro 2019: \u00e9p k\u00ednh 400<\/li>\n\n\n\n<li>honor 30 pro (mk cong): \u00e9p k\u00ednh 800<\/li>\n<\/ul>\n\n\n\n<p style=\"text-transform:capitalize\"><strong>nova<\/strong><\/p>\n\n\n\n<ul class=\"wp-block-list\">\n<li>nova 3s: \u00e9p c\u1ea3m \u1ee9ng 400<\/li>\n\n\n\n<li>nova 3e \/ p20 lite (c\u00f3 l\u01b0ng): \u00e9p c\u1ea3m \u1ee9ng 350<\/li>\n\n\n\n<li>nova 3 \/ 3i: \u00e9p k\u00ednh 350<\/li>\n\n\n\n<li>nova 2i (c\u00f3 l\u01b0ng): \u00e9p c\u1ea3m \u1ee9ng 350<\/li>\n\n\n\n<li>nova 2 \/ 2s \/ 2 plus: \u00e9p k\u00ednh 350<\/li>\n\n\n\n<li>nova: \u00e9p k\u00ednh 450<\/li>\n\n\n\n<li>nova 4 2018 (vce): \u00e9p k\u00ednh 400<\/li>\n\n\n\n<li>nova 5i pro 2019: \u00e9p k\u00ednh 450<\/li>\n\n\n\n<li>nova 5t 2019: \u00e9p k\u00ednh 350<\/li>\n\n\n\n<li>nova 7i 2020: \u00e9p k\u00ednh 400<\/li>\n\n\n\n<li>nova 9se (l\u00f3t): \u00e9p k\u00ednh 300<\/li>\n<\/ul>\n\n\n\n<p style=\"text-transform:capitalize\"><strong>d\u00f2ng v \/ g \/ gr<\/strong><\/p>\n\n\n\n<ul class=\"wp-block-list\">\n<li>v8: \u00e9p k\u00ednh 550<\/li>\n\n\n\n<li>v9: \u00e9p k\u00ednh 400<\/li>\n\n\n\n<li>v10: \u00e9p k\u00ednh 500<\/li>\n\n\n\n<li>gr5 2015 \/ 2017: \u00e9p c\u1ea3m \u1ee9ng 400<\/li>\n\n\n\n<li>gr5 mini: \u00e9p c\u1ea3m \u1ee9ng 350<\/li>\n\n\n\n<li>g6 \/ g6-u10: \u00e9p c\u1ea3m \u1ee9ng 400<\/li>\n\n\n\n<li>g7: \u00e9p k\u00ednh 400<\/li>\n\n\n\n<li>g7 plus \/ g8: \u00e9p c\u1ea3m \u1ee9ng 400<\/li>\n<\/ul>\n\n\n\n<p style=\"text-transform:capitalize\"><strong>d\u00f2ng y<\/strong><\/p>\n\n\n\n<ul class=\"wp-block-list\">\n<li>y541 \/ y625: \u00e9p c\u1ea3m \u1ee9ng 400<\/li>\n\n\n\n<li>y5 2017 \/ 2018: \u00e9p c\u1ea3m \u1ee9ng 400<\/li>\n\n\n\n<li>y5ii: \u00e9p c\u1ea3m \u1ee9ng 450<\/li>\n\n\n\n<li>y6 2019 \/ y6ii: \u00e9p c\u1ea3m \u1ee9ng 450<\/li>\n\n\n\n<li>y6 pro \/ enjoy 5 \/ honor play 5x: \u00e9p k\u00ednh 450<\/li>\n\n\n\n<li>y6 prime \/ y6 2018: \u00e9p c\u1ea3m \u1ee9ng 400<\/li>\n\n\n\n<li>y6p 2020: \u00e9p k\u00ednh 350<\/li>\n\n\n\n<li>y7 pro 2018: \u00e9p c\u1ea3m \u1ee9ng 400<\/li>\n\n\n\n<li>y7 pro 2019: \u00e9p c\u1ea3m \u1ee9ng 450<\/li>\n\n\n\n<li>y7 prime 2019: \u00e9p c\u1ea3m \u1ee9ng 400<\/li>\n\n\n\n<li>y9 2019 \/ y9 pro 2019: \u00e9p k\u00ednh 400<\/li>\n\n\n\n<li>y9 prime 2018: \u00e9p c\u1ea3m \u1ee9ng 400<\/li>\n\n\n\n<li>y9 prime 2019 \/ y9s \/ honor 9x: \u00e9p k\u00ednh 400<\/li>\n<\/ul>\n\n\n\n<p style=\"text-transform:capitalize\"><strong>d\u00f2ng p<\/strong><\/p>\n\n\n\n<ul class=\"wp-block-list\">\n<li>p6 \/ p7 \/ p8: \u00e9p k\u00ednh 350<\/li>\n\n\n\n<li>p8 lite: \u00e9p c\u1ea3m \u1ee9ng 400<\/li>\n\n\n\n<li>p8 lite 2017 \/ p9 lite 2017 \/ honor 8 lite: \u00e9p k\u00ednh 400<\/li>\n\n\n\n<li>p9 lite: \u00e9p k\u00ednh 400<\/li>\n\n\n\n<li>p9: \u00e9p k\u00ednh 350<\/li>\n\n\n\n<li>p10 \/ p10 lite: \u00e9p k\u00ednh 400 \/ 350<\/li>\n\n\n\n<li>p10 plus: \u00e9p k\u00ednh 500<\/li>\n\n\n\n<li>p20: \u00e9p k\u00ednh 400<\/li>\n\n\n\n<li>p20 pro: \u00e9p k\u00ednh 600<\/li>\n\n\n\n<li>p30 \/ p30 lite: \u00e9p k\u00ednh 800 \/ 400<\/li>\n\n\n\n<li>p30 pro: \u00e9p k\u00ednh 900<\/li>\n\n\n\n<li>p40: \u00e9p k\u00ednh 400<\/li>\n\n\n\n<li>p40 pro \/ pro plus (cong): \u00e9p k\u00ednh 1200 \/ 1400<\/li>\n\n\n\n<li>p60 (cong): \u00e9p k\u00ednh 800<\/li>\n<\/ul>\n\n\n\n<p style=\"text-transform:capitalize\"><strong>mate<\/strong><\/p>\n\n\n\n<ul class=\"wp-block-list\">\n<li>mate 5 \/ 7 \/ 8 \/ 9 \/ 10: \u00e9p k\u00ednh 400<\/li>\n\n\n\n<li>mate 10 pro: \u00e9p k\u00ednh 450<\/li>\n\n\n\n<li>mate 20 \/ 20 lite: \u00e9p k\u00ednh 400<\/li>\n\n\n\n<li>mate 20 pro: \u00e9p k\u00ednh 800<\/li>\n\n\n\n<li>mate 20x: \u00e9p k\u00ednh 1300<\/li>\n\n\n\n<li>mate 30: \u00e9p k\u00ednh 1300<\/li>\n\n\n\n<li>mate 30 pro: \u00e9p k\u00ednh 1700<\/li>\n\n\n\n<li>mate 40: \u00e9p k\u00ednh 1300<\/li>\n\n\n\n<li>mate 40 pro: \u00e9p k\u00ednh 1700<\/li>\n<\/ul>\n\n\n\n<p style=\"text-transform:capitalize\"><strong>tablet<\/strong><\/p>\n\n\n\n<p>matepad t10s 10.1: \u00e9p k\u00ednh 850<br><\/p>\n\n\n\n<p>matepad pro 12.9 2021: \u00e9p k\u00ednh 1300<\/p>\n\n\n\n<p>tab t1-701: \u00e9p k\u00ednh 400 \u2013 \u00e9p c\u1ea3m \u1ee9ng 700<\/p>\n\n\n\n<p>tab t3 8inch \/ 10inch: \u00e9p c\u1ea3m \u1ee9ng 600<\/p>\n\n\n\n<p>mediapad t5 10.1: \u00e9p k\u00ednh 500<\/p>\n\n\n\n<p>mediapad m5 lite 10: \u00e9p k\u00ednh 600<\/p>\n","protected":false},"excerpt":{"rendered":"<p>thay c\u00e1p g\u1eadp b\u1ea3ng gi\u00e1 huawei \/ honor (\u00e9p k\u00ednh \u2013 \u00e9p c\u1ea3m \u1ee9ng) honor nova d\u00f2ng v \/ g \/ gr d\u00f2ng y d\u00f2ng p mate tablet matepad t10s 10.1: \u00e9p k\u00ednh 850 matepad pro 12.9 2021: \u00e9p k\u00ednh 1300 tab t1-701: \u00e9p k\u00ednh 400 \u2013 \u00e9p c\u1ea3m \u1ee9ng 700 tab t3 8inch \/ [&hellip;]<\/p>\n","protected":false},"author":1,"featured_media":857,"parent":0,"menu_order":0,"comment_status":"closed","ping_status":"closed","template":"","meta":{"footnotes":""},"class_list":["post-660","page","type-page","status-publish","has-post-thumbnail","hentry"],"yoast_head":"<!-- This site is optimized with the Yoast SEO plugin v27.5 - https:\/\/yoast.com\/product\/yoast-seo-wordpress\/ -->\n<title>HUAWEI \/ HONOR - ANHTHU24H<\/title>\n<meta name=\"description\" content=\"ANHTHU24H chuy\u00ean thay c\u00e1p g\u1eadp HONOR Magic (Honor Magic V, Magic Vs, Magic V2\u2026) v\u1edbi k\u1ef9 thu\u1eadt vi\u00ean kinh nghi\u1ec7m s\u1eeda m\u00e1y g\u1eadp, m\u00e1y m\u00f3c chuy\u00ean d\u1ee5ng, thao t\u00e1c chu\u1ea9n k\u1ef9 thu\u1eadt \u2013 an to\u00e0n tuy\u1ec7t \u0111\u1ed1i cho m\u00e0n h\u00ecnh g\u1eadp.C\u00e1p g\u1eadp HONOR Magic l\u00e0 b\u1ed9 ph\u1eadn quan tr\u1ecdng, d\u1ec5 h\u01b0 sau th\u1eddi gian s\u1eed d\u1ee5ng. Khi c\u00e1p l\u1ed7i c\u00f3 th\u1ec3 g\u00e2y:M\u00e1y m\u1edf g\u1eadp kh\u00f4ng l\u00ean m\u00e0n \/ ch\u1edbp m\u00e0nM\u1ea5t c\u1ea3m \u1ee9ng khi g\u1eadp \u2013 m\u1edfS\u1ecdc m\u00e0n, \u0111en n\u1eeda m\u00e0nKh\u00f4ng nh\u1eadn s\u00f3ng, loa, mic khi g\u1eadpT\u1ef1 t\u1eaft ngu\u1ed3n, treo logoM\u1ea5t hi\u1ec3n th\u1ecb m\u00e0n ph\u1ee5 ho\u1eb7c m\u00e0n ch\u00ednh\" \/>\n<meta name=\"robots\" content=\"index, follow, max-snippet:-1, max-image-preview:large, max-video-preview:-1\" \/>\n<link rel=\"canonical\" href=\"http:\/\/anhthu24h.com\/?page_id=660\" \/>\n<meta property=\"og:locale\" content=\"vi_VN\" \/>\n<meta property=\"og:type\" content=\"article\" \/>\n<meta property=\"og:title\" content=\"HUAWEI \/ HONOR - ANHTHU24H\" \/>\n<meta property=\"og:description\" content=\"ANHTHU24H chuy\u00ean thay c\u00e1p g\u1eadp HONOR Magic (Honor Magic V, Magic Vs, Magic V2\u2026) v\u1edbi k\u1ef9 thu\u1eadt vi\u00ean kinh nghi\u1ec7m s\u1eeda m\u00e1y g\u1eadp, m\u00e1y m\u00f3c chuy\u00ean d\u1ee5ng, thao t\u00e1c chu\u1ea9n k\u1ef9 thu\u1eadt \u2013 an to\u00e0n tuy\u1ec7t \u0111\u1ed1i cho m\u00e0n h\u00ecnh g\u1eadp.C\u00e1p g\u1eadp HONOR Magic l\u00e0 b\u1ed9 ph\u1eadn quan tr\u1ecdng, d\u1ec5 h\u01b0 sau th\u1eddi gian s\u1eed d\u1ee5ng. Khi c\u00e1p l\u1ed7i c\u00f3 th\u1ec3 g\u00e2y:M\u00e1y m\u1edf g\u1eadp kh\u00f4ng l\u00ean m\u00e0n \/ ch\u1edbp m\u00e0nM\u1ea5t c\u1ea3m \u1ee9ng khi g\u1eadp \u2013 m\u1edfS\u1ecdc m\u00e0n, \u0111en n\u1eeda m\u00e0nKh\u00f4ng nh\u1eadn s\u00f3ng, loa, mic khi g\u1eadpT\u1ef1 t\u1eaft ngu\u1ed3n, treo logoM\u1ea5t hi\u1ec3n th\u1ecb m\u00e0n ph\u1ee5 ho\u1eb7c m\u00e0n ch\u00ednh\" \/>\n<meta property=\"og:url\" content=\"http:\/\/anhthu24h.com\/?page_id=660\" \/>\n<meta property=\"og:site_name\" content=\"ANHTHU24H\" \/>\n<meta property=\"article:modified_time\" content=\"2026-01-22T05:35:04+00:00\" \/>\n<meta property=\"og:image\" content=\"http:\/\/anhthu24h.com\/wp-content\/uploads\/2026\/01\/1a8dab10f5f66e261d8b840eda54b000.jpg\" \/>\n\t<meta property=\"og:image:width\" content=\"1200\" \/>\n\t<meta property=\"og:image:height\" content=\"675\" \/>\n\t<meta property=\"og:image:type\" content=\"image\/jpeg\" \/>\n<meta name=\"twitter:card\" content=\"summary_large_image\" \/>\n<meta name=\"twitter:label1\" content=\"\u01af\u1edbc t\u00ednh th\u1eddi gian \u0111\u1ecdc\" \/>\n\t<meta name=\"twitter:data1\" content=\"4 ph\u00fat\" \/>\n<script type=\"application\/ld+json\" class=\"yoast-schema-graph\">{\"@context\":\"https:\\\/\\\/schema.org\",\"@graph\":[{\"@type\":\"WebPage\",\"@id\":\"http:\\\/\\\/anhthu24h.com\\\/?page_id=660\",\"url\":\"http:\\\/\\\/anhthu24h.com\\\/?page_id=660\",\"name\":\"HUAWEI \\\/ HONOR - ANHTHU24H\",\"isPartOf\":{\"@id\":\"http:\\\/\\\/anhthu24h.com\\\/#website\"},\"primaryImageOfPage\":{\"@id\":\"http:\\\/\\\/anhthu24h.com\\\/?page_id=660#primaryimage\"},\"image\":{\"@id\":\"http:\\\/\\\/anhthu24h.com\\\/?page_id=660#primaryimage\"},\"thumbnailUrl\":\"http:\\\/\\\/anhthu24h.com\\\/wp-content\\\/uploads\\\/2026\\\/01\\\/1a8dab10f5f66e261d8b840eda54b000.jpg\",\"datePublished\":\"2026-01-20T04:25:20+00:00\",\"dateModified\":\"2026-01-22T05:35:04+00:00\",\"description\":\"ANHTHU24H chuy\u00ean thay c\u00e1p g\u1eadp HONOR Magic (Honor Magic V, Magic Vs, Magic V2\u2026) v\u1edbi k\u1ef9 thu\u1eadt vi\u00ean kinh nghi\u1ec7m s\u1eeda m\u00e1y g\u1eadp, m\u00e1y m\u00f3c chuy\u00ean d\u1ee5ng, thao t\u00e1c chu\u1ea9n k\u1ef9 thu\u1eadt \u2013 an to\u00e0n tuy\u1ec7t \u0111\u1ed1i cho m\u00e0n h\u00ecnh g\u1eadp.C\u00e1p g\u1eadp HONOR Magic l\u00e0 b\u1ed9 ph\u1eadn quan tr\u1ecdng, d\u1ec5 h\u01b0 sau th\u1eddi gian s\u1eed d\u1ee5ng. Khi c\u00e1p l\u1ed7i c\u00f3 th\u1ec3 g\u00e2y:M\u00e1y m\u1edf g\u1eadp kh\u00f4ng l\u00ean m\u00e0n \\\/ ch\u1edbp m\u00e0nM\u1ea5t c\u1ea3m \u1ee9ng khi g\u1eadp \u2013 m\u1edfS\u1ecdc m\u00e0n, \u0111en n\u1eeda m\u00e0nKh\u00f4ng nh\u1eadn s\u00f3ng, loa, mic khi g\u1eadpT\u1ef1 t\u1eaft ngu\u1ed3n, treo logoM\u1ea5t hi\u1ec3n th\u1ecb m\u00e0n ph\u1ee5 ho\u1eb7c m\u00e0n ch\u00ednh\",\"breadcrumb\":{\"@id\":\"http:\\\/\\\/anhthu24h.com\\\/?page_id=660#breadcrumb\"},\"inLanguage\":\"vi\",\"potentialAction\":[{\"@type\":\"ReadAction\",\"target\":[\"http:\\\/\\\/anhthu24h.com\\\/?page_id=660\"]}]},{\"@type\":\"ImageObject\",\"inLanguage\":\"vi\",\"@id\":\"http:\\\/\\\/anhthu24h.com\\\/?page_id=660#primaryimage\",\"url\":\"http:\\\/\\\/anhthu24h.com\\\/wp-content\\\/uploads\\\/2026\\\/01\\\/1a8dab10f5f66e261d8b840eda54b000.jpg\",\"contentUrl\":\"http:\\\/\\\/anhthu24h.com\\\/wp-content\\\/uploads\\\/2026\\\/01\\\/1a8dab10f5f66e261d8b840eda54b000.jpg\",\"width\":1200,\"height\":675},{\"@type\":\"BreadcrumbList\",\"@id\":\"http:\\\/\\\/anhthu24h.com\\\/?page_id=660#breadcrumb\",\"itemListElement\":[{\"@type\":\"ListItem\",\"position\":1,\"name\":\"Trang ch\u1ee7\",\"item\":\"http:\\\/\\\/anhthu24h.com\\\/\"},{\"@type\":\"ListItem\",\"position\":2,\"name\":\"HUAWEI \\\/ HONOR\"}]},{\"@type\":\"WebSite\",\"@id\":\"http:\\\/\\\/anhthu24h.com\\\/#website\",\"url\":\"http:\\\/\\\/anhthu24h.com\\\/\",\"name\":\"ANH THU 24H\",\"description\":\"Gi\u1ea3i Ph&aacute;p S\u1eeda ch\u1eefa \u0110i\u1ec7n Tho\u1ea1i  \",\"publisher\":{\"@id\":\"http:\\\/\\\/anhthu24h.com\\\/#organization\"},\"potentialAction\":[{\"@type\":\"SearchAction\",\"target\":{\"@type\":\"EntryPoint\",\"urlTemplate\":\"http:\\\/\\\/anhthu24h.com\\\/?s={search_term_string}\"},\"query-input\":{\"@type\":\"PropertyValueSpecification\",\"valueRequired\":true,\"valueName\":\"search_term_string\"}}],\"inLanguage\":\"vi\"},{\"@type\":\"Organization\",\"@id\":\"http:\\\/\\\/anhthu24h.com\\\/#organization\",\"name\":\"ANH THU 24H\",\"url\":\"http:\\\/\\\/anhthu24h.com\\\/\",\"logo\":{\"@type\":\"ImageObject\",\"inLanguage\":\"vi\",\"@id\":\"http:\\\/\\\/anhthu24h.com\\\/#\\\/schema\\\/logo\\\/image\\\/\",\"url\":\"http:\\\/\\\/anhthu24h.com\\\/wp-content\\\/uploads\\\/2025\\\/10\\\/width_800.png\",\"contentUrl\":\"http:\\\/\\\/anhthu24h.com\\\/wp-content\\\/uploads\\\/2025\\\/10\\\/width_800.png\",\"width\":800,\"height\":800,\"caption\":\"ANH THU 24H\"},\"image\":{\"@id\":\"http:\\\/\\\/anhthu24h.com\\\/#\\\/schema\\\/logo\\\/image\\\/\"}}]}<\/script>\n<!-- \/ Yoast SEO plugin. -->","yoast_head_json":{"title":"HUAWEI \/ HONOR - ANHTHU24H","description":"ANHTHU24H chuy\u00ean thay c\u00e1p g\u1eadp HONOR Magic (Honor Magic V, Magic Vs, Magic V2\u2026) v\u1edbi k\u1ef9 thu\u1eadt vi\u00ean kinh nghi\u1ec7m s\u1eeda m\u00e1y g\u1eadp, m\u00e1y m\u00f3c chuy\u00ean d\u1ee5ng, thao t\u00e1c chu\u1ea9n k\u1ef9 thu\u1eadt \u2013 an to\u00e0n tuy\u1ec7t \u0111\u1ed1i cho m\u00e0n h\u00ecnh g\u1eadp.C\u00e1p g\u1eadp HONOR Magic l\u00e0 b\u1ed9 ph\u1eadn quan tr\u1ecdng, d\u1ec5 h\u01b0 sau th\u1eddi gian s\u1eed d\u1ee5ng. Khi c\u00e1p l\u1ed7i c\u00f3 th\u1ec3 g\u00e2y:M\u00e1y m\u1edf g\u1eadp kh\u00f4ng l\u00ean m\u00e0n \/ ch\u1edbp m\u00e0nM\u1ea5t c\u1ea3m \u1ee9ng khi g\u1eadp \u2013 m\u1edfS\u1ecdc m\u00e0n, \u0111en n\u1eeda m\u00e0nKh\u00f4ng nh\u1eadn s\u00f3ng, loa, mic khi g\u1eadpT\u1ef1 t\u1eaft ngu\u1ed3n, treo logoM\u1ea5t hi\u1ec3n th\u1ecb m\u00e0n ph\u1ee5 ho\u1eb7c m\u00e0n ch\u00ednh","robots":{"index":"index","follow":"follow","max-snippet":"max-snippet:-1","max-image-preview":"max-image-preview:large","max-video-preview":"max-video-preview:-1"},"canonical":"http:\/\/anhthu24h.com\/?page_id=660","og_locale":"vi_VN","og_type":"article","og_title":"HUAWEI \/ HONOR - ANHTHU24H","og_description":"ANHTHU24H chuy\u00ean thay c\u00e1p g\u1eadp HONOR Magic (Honor Magic V, Magic Vs, Magic V2\u2026) v\u1edbi k\u1ef9 thu\u1eadt vi\u00ean kinh nghi\u1ec7m s\u1eeda m\u00e1y g\u1eadp, m\u00e1y m\u00f3c chuy\u00ean d\u1ee5ng, thao t\u00e1c chu\u1ea9n k\u1ef9 thu\u1eadt \u2013 an to\u00e0n tuy\u1ec7t \u0111\u1ed1i cho m\u00e0n h\u00ecnh g\u1eadp.C\u00e1p g\u1eadp HONOR Magic l\u00e0 b\u1ed9 ph\u1eadn quan tr\u1ecdng, d\u1ec5 h\u01b0 sau th\u1eddi gian s\u1eed d\u1ee5ng. Khi c\u00e1p l\u1ed7i c\u00f3 th\u1ec3 g\u00e2y:M\u00e1y m\u1edf g\u1eadp kh\u00f4ng l\u00ean m\u00e0n \/ ch\u1edbp m\u00e0nM\u1ea5t c\u1ea3m \u1ee9ng khi g\u1eadp \u2013 m\u1edfS\u1ecdc m\u00e0n, \u0111en n\u1eeda m\u00e0nKh\u00f4ng nh\u1eadn s\u00f3ng, loa, mic khi g\u1eadpT\u1ef1 t\u1eaft ngu\u1ed3n, treo logoM\u1ea5t hi\u1ec3n th\u1ecb m\u00e0n ph\u1ee5 ho\u1eb7c m\u00e0n ch\u00ednh","og_url":"http:\/\/anhthu24h.com\/?page_id=660","og_site_name":"ANHTHU24H","article_modified_time":"2026-01-22T05:35:04+00:00","og_image":[{"width":1200,"height":675,"url":"http:\/\/anhthu24h.com\/wp-content\/uploads\/2026\/01\/1a8dab10f5f66e261d8b840eda54b000.jpg","type":"image\/jpeg"}],"twitter_card":"summary_large_image","twitter_misc":{"\u01af\u1edbc t\u00ednh th\u1eddi gian \u0111\u1ecdc":"4 ph\u00fat"},"schema":{"@context":"https:\/\/schema.org","@graph":[{"@type":"WebPage","@id":"http:\/\/anhthu24h.com\/?page_id=660","url":"http:\/\/anhthu24h.com\/?page_id=660","name":"HUAWEI \/ HONOR - ANHTHU24H","isPartOf":{"@id":"http:\/\/anhthu24h.com\/#website"},"primaryImageOfPage":{"@id":"http:\/\/anhthu24h.com\/?page_id=660#primaryimage"},"image":{"@id":"http:\/\/anhthu24h.com\/?page_id=660#primaryimage"},"thumbnailUrl":"http:\/\/anhthu24h.com\/wp-content\/uploads\/2026\/01\/1a8dab10f5f66e261d8b840eda54b000.jpg","datePublished":"2026-01-20T04:25:20+00:00","dateModified":"2026-01-22T05:35:04+00:00","description":"ANHTHU24H chuy\u00ean thay c\u00e1p g\u1eadp HONOR Magic (Honor Magic V, Magic Vs, Magic V2\u2026) v\u1edbi k\u1ef9 thu\u1eadt vi\u00ean kinh nghi\u1ec7m s\u1eeda m\u00e1y g\u1eadp, m\u00e1y m\u00f3c chuy\u00ean d\u1ee5ng, thao t\u00e1c chu\u1ea9n k\u1ef9 thu\u1eadt \u2013 an to\u00e0n tuy\u1ec7t \u0111\u1ed1i cho m\u00e0n h\u00ecnh g\u1eadp.C\u00e1p g\u1eadp HONOR Magic l\u00e0 b\u1ed9 ph\u1eadn quan tr\u1ecdng, d\u1ec5 h\u01b0 sau th\u1eddi gian s\u1eed d\u1ee5ng. Khi c\u00e1p l\u1ed7i c\u00f3 th\u1ec3 g\u00e2y:M\u00e1y m\u1edf g\u1eadp kh\u00f4ng l\u00ean m\u00e0n \/ ch\u1edbp m\u00e0nM\u1ea5t c\u1ea3m \u1ee9ng khi g\u1eadp \u2013 m\u1edfS\u1ecdc m\u00e0n, \u0111en n\u1eeda m\u00e0nKh\u00f4ng nh\u1eadn s\u00f3ng, loa, mic khi g\u1eadpT\u1ef1 t\u1eaft ngu\u1ed3n, treo logoM\u1ea5t hi\u1ec3n th\u1ecb m\u00e0n ph\u1ee5 ho\u1eb7c m\u00e0n ch\u00ednh","breadcrumb":{"@id":"http:\/\/anhthu24h.com\/?page_id=660#breadcrumb"},"inLanguage":"vi","potentialAction":[{"@type":"ReadAction","target":["http:\/\/anhthu24h.com\/?page_id=660"]}]},{"@type":"ImageObject","inLanguage":"vi","@id":"http:\/\/anhthu24h.com\/?page_id=660#primaryimage","url":"http:\/\/anhthu24h.com\/wp-content\/uploads\/2026\/01\/1a8dab10f5f66e261d8b840eda54b000.jpg","contentUrl":"http:\/\/anhthu24h.com\/wp-content\/uploads\/2026\/01\/1a8dab10f5f66e261d8b840eda54b000.jpg","width":1200,"height":675},{"@type":"BreadcrumbList","@id":"http:\/\/anhthu24h.com\/?page_id=660#breadcrumb","itemListElement":[{"@type":"ListItem","position":1,"name":"Trang ch\u1ee7","item":"http:\/\/anhthu24h.com\/"},{"@type":"ListItem","position":2,"name":"HUAWEI \/ HONOR"}]},{"@type":"WebSite","@id":"http:\/\/anhthu24h.com\/#website","url":"http:\/\/anhthu24h.com\/","name":"ANH THU 24H","description":"Gi\u1ea3i Ph&aacute;p S\u1eeda ch\u1eefa \u0110i\u1ec7n Tho\u1ea1i  ","publisher":{"@id":"http:\/\/anhthu24h.com\/#organization"},"potentialAction":[{"@type":"SearchAction","target":{"@type":"EntryPoint","urlTemplate":"http:\/\/anhthu24h.com\/?s={search_term_string}"},"query-input":{"@type":"PropertyValueSpecification","valueRequired":true,"valueName":"search_term_string"}}],"inLanguage":"vi"},{"@type":"Organization","@id":"http:\/\/anhthu24h.com\/#organization","name":"ANH THU 24H","url":"http:\/\/anhthu24h.com\/","logo":{"@type":"ImageObject","inLanguage":"vi","@id":"http:\/\/anhthu24h.com\/#\/schema\/logo\/image\/","url":"http:\/\/anhthu24h.com\/wp-content\/uploads\/2025\/10\/width_800.png","contentUrl":"http:\/\/anhthu24h.com\/wp-content\/uploads\/2025\/10\/width_800.png","width":800,"height":800,"caption":"ANH THU 24H"},"image":{"@id":"http:\/\/anhthu24h.com\/#\/schema\/logo\/image\/"}}]}},"_links":{"self":[{"href":"http:\/\/anhthu24h.com\/index.php?rest_route=\/wp\/v2\/pages\/660","targetHints":{"allow":["GET"]}}],"collection":[{"href":"http:\/\/anhthu24h.com\/index.php?rest_route=\/wp\/v2\/pages"}],"about":[{"href":"http:\/\/anhthu24h.com\/index.php?rest_route=\/wp\/v2\/types\/page"}],"author":[{"embeddable":true,"href":"http:\/\/anhthu24h.com\/index.php?rest_route=\/wp\/v2\/users\/1"}],"replies":[{"embeddable":true,"href":"http:\/\/anhthu24h.com\/index.php?rest_route=%2Fwp%2Fv2%2Fcomments&post=660"}],"version-history":[{"count":3,"href":"http:\/\/anhthu24h.com\/index.php?rest_route=\/wp\/v2\/pages\/660\/revisions"}],"predecessor-version":[{"id":874,"href":"http:\/\/anhthu24h.com\/index.php?rest_route=\/wp\/v2\/pages\/660\/revisions\/874"}],"wp:featuredmedia":[{"embeddable":true,"href":"http:\/\/anhthu24h.com\/index.php?rest_route=\/wp\/v2\/media\/857"}],"wp:attachment":[{"href":"http:\/\/anhthu24h.com\/index.php?rest_route=%2Fwp%2Fv2%2Fmedia&parent=660"}],"curies":[{"name":"wp","href":"https:\/\/api.w.org\/{rel}","templated":true}]}}