{"id":666,"date":"2026-01-20T11:29:51","date_gmt":"2026-01-20T04:29:51","guid":{"rendered":"http:\/\/anhthu24h.com\/?page_id=666"},"modified":"2026-01-22T12:10:56","modified_gmt":"2026-01-22T05:10:56","slug":"iphone","status":"publish","type":"page","link":"http:\/\/anhthu24h.com\/?page_id=666","title":{"rendered":"IPHONE"},"content":{"rendered":"\n<h2 class=\"wp-block-heading\">\u00c9p k\u00ednh<\/h2>\n\n\n\n<ul class=\"wp-block-list\">\n<li>Iphone X\/ Xs \/Xsm\/Xr\/ 11: 200K<\/li>\n\n\n\n<li>Iphone 11pro\/11prm: 250K<\/li>\n\n\n\n<li>Iphone 12\/12pro: 250K<\/li>\n\n\n\n<li>Iphone 12prm: 300K<\/li>\n\n\n\n<li>Iphone 13: 200K<\/li>\n\n\n\n<li>Iphone 13mini: 200K<\/li>\n\n\n\n<li>Iphone 13pro: 300K<\/li>\n\n\n\n<li>Iphone 13prm: 350K<\/li>\n\n\n\n<li>Iphone 14: 350K<\/li>\n\n\n\n<li>Iphone 14plus: 350K<\/li>\n\n\n\n<li>Iphone 14pro: 400K<\/li>\n\n\n\n<li>Iphone 14prm: 400K<\/li>\n\n\n\n<li>Iphone 15: 500K<\/li>\n\n\n\n<li>Iphone 15plus: 500K<\/li>\n\n\n\n<li>Iphone 15pro: 500K<\/li>\n\n\n\n<li>Iphone 15prm: 500K<\/li>\n\n\n\n<li>Iphone 16: 800K<\/li>\n\n\n\n<li>Iphone 16plus: 800K<\/li>\n\n\n\n<li>Iphone 16pro: 800K<\/li>\n\n\n\n<li>Iphone 16prm: 800K<\/li>\n\n\n\n<li>Iphone 17: 1.100K<\/li>\n\n\n\n<li>Iphone 17 Air: 1.400K<\/li>\n\n\n\n<li>Iphone 17 Pro: 1.700K<\/li>\n\n\n\n<li>Iphone 17 Prm: 1.700K<\/li>\n<\/ul>\n\n\n\n<h2 class=\"wp-block-heading\">\u00c9p c\u1ea3m<\/h2>\n\n\n\n<ul class=\"wp-block-list\">\n<li>Iphone X: 350K<\/li>\n\n\n\n<li>Iphone Xs: 350K<\/li>\n\n\n\n<li>Iphone Xsm: 350K<\/li>\n\n\n\n<li>Iphone Xr: 400K<\/li>\n\n\n\n<li>Iphone 11: 400K<\/li>\n\n\n\n<li>Iphone 11pro: 450K<\/li>\n\n\n\n<li>Iphone 11prm: 500K<\/li>\n\n\n\n<li>Iphone 12: 500K<\/li>\n\n\n\n<li class=\"has-system-serif-font-family\">Iphone 12pro: 500K<\/li>\n\n\n\n<li>Iphone 12prm: 800K<\/li>\n\n\n\n<li>Iphone 13pro: 1.000K<\/li>\n\n\n\n<li>Iphone 13prm: 1.000K<\/li>\n\n\n\n<li>Iphone 14: 800K<\/li>\n\n\n\n<li>Iphone 14plus: 800K<\/li>\n\n\n\n<li>Iphone 14pro: 1.500K<\/li>\n\n\n\n<li>Iphone 14prm: 1.800K<\/li>\n\n\n\n<li>Iphone 15plus: 1.800K<\/li>\n\n\n\n<li>Iphone 15pro: 2.000K<\/li>\n\n\n\n<li>Iphone 15prm: 2.000K<\/li>\n<\/ul>\n\n\n\n<h2 class=\"wp-block-heading is-style-default has-system-serif-font-family\">Cam \u0111\u1ed1m | Cam rung<\/h2>\n\n\n\n<ul class=\"wp-block-list\">\n<li>Iphone X \/ Xs \/ Xsm \/ Xr \/ 11: 100K | 150K<\/li>\n\n\n\n<li>Iphone 11pro \/ 11prm: 100K | 200K<\/li>\n\n\n\n<li>Iphone 12 \/ 12pro: 100K | 200K<\/li>\n\n\n\n<li>Iphone 12prm: 100K | 300K<\/li>\n\n\n\n<li>Iphone 13 \/ 13mini \/ 13pro \/ 13prm: 100K | 300K<\/li>\n\n\n\n<li>Iphone 14 \/ 14plus \/ 14pro \/ 14prm: 150K | 300K<\/li>\n\n\n\n<li>Iphone 15 \/ 15plus: 200K | 400K<\/li>\n\n\n\n<li>Iphone 15pro \/ 15prm: 200K | 450K<\/li>\n\n\n\n<li>Iphone 16 \/ 16plus \/ 16pro \/ 16prm: 250K<\/li>\n<\/ul>\n\n\n\n<h2 class=\"wp-block-heading has-system-serif-font-family\">\u00c9p c\u1ed5 c\u00e1p<\/h2>\n\n\n\n<ul class=\"wp-block-list\">\n<li>Iphone X \/ Xs \/ Xsm: 400K<\/li>\n\n\n\n<li>Iphone 11pro \/ 11prm: 400K<\/li>\n\n\n\n<li>Iphone 12 \/ 12pro: 400K<\/li>\n\n\n\n<li>Iphone 12prm: 700K<\/li>\n\n\n\n<li>Iphone 13 \/ 13mini: 700K<\/li>\n\n\n\n<li>Iphone 13pro \/ 13prm: 800K<\/li>\n\n\n\n<li>Iphone 14 \/ 14plus \/ 14pro \/ 14prm: 800K<\/li>\n\n\n\n<li>Iphone 15: 1.000K<\/li>\n\n\n\n<li>Iphone 15plus: 1.200K<\/li>\n\n\n\n<li>Iphone 15pro: 1.400K<\/li>\n\n\n\n<li>Iphone 15prm: 1.500K<\/li>\n\n\n\n<li>Iphone 16: 1.500K<\/li>\n\n\n\n<li>Iphone 16plus: 1.600K<\/li>\n\n\n\n<li>Iphone 16pro: 1.700K<\/li>\n\n\n\n<li>Iphone 16prm: 1.800K<\/li>\n<\/ul>\n\n\n\n<h2 class=\"wp-block-heading\">Thay pin<\/h2>\n\n\n\n<ul class=\"wp-block-list\">\n<li>Iphone X: 350K ( Pin nguy\u00ean c\u1ee5c )<\/li>\n\n\n\n<li>Iphone Xs \/ Xsm \/ Xr \/ 11: 250K<\/li>\n\n\n\n<li>Iphone 11pro \/ 11prm: 300K<\/li>\n\n\n\n<li>Iphone 12 \/ 12pro: 250K<\/li>\n\n\n\n<li>Iphone 12prm: 300K<\/li>\n\n\n\n<li>Iphone 13 \/ 13mini: 300K<\/li>\n\n\n\n<li>Iphone 13pro \/ 13prm: 350K<\/li>\n\n\n\n<li>Iphone 14 \/ 14plus: 350K<\/li>\n\n\n\n<li>Iphone 14pro \/ 14prm: 400K<\/li>\n\n\n\n<li>Iphone 15 \/ 15plus: 450K<\/li>\n\n\n\n<li>Iphone 15pro \/ 15prm: 500K<\/li>\n\n\n\n<li>Iphone 16 \/ 16plus: 600K<\/li>\n\n\n\n<li>Iphone 16pro \/ 16prm: 700K<br><br><\/li>\n\n\n\n<li>\ud83d\udccc<em><mark style=\"background-color:rgba(0, 0, 0, 0)\" class=\"has-inline-color has-secondary-color\"> B\u1ea2NG GI\u00c1 PIN BISON DL CHU\u1ea8N \u2013 IPHONE <\/mark><\/em><br>iphone 6g: 280.000\u0111<\/li>\n\n\n\n<li>iphone 6s: 280.000\u0111<\/li>\n\n\n\n<li>iphone 6p: 320.000\u0111<\/li>\n\n\n\n<li>iphone 6sp: 320.000\u0111<\/li>\n\n\n\n<li>iphone 7g: 280.000\u0111<\/li>\n\n\n\n<li>iphone 7p: 330.000\u0111<\/li>\n\n\n\n<li>iphone 8g: 300.000\u0111<\/li>\n\n\n\n<li>iphone 8p: 340.000\u0111<\/li>\n\n\n\n<li>iphone x: 440.000\u0111<\/li>\n\n\n\n<li>iphone xr: 400.000\u0111<\/li>\n\n\n\n<li>iphone xs: 460.000\u0111<\/li>\n\n\n\n<li>iphone xs max: 460.000\u0111<\/li>\n\n\n\n<li>iphone 11: 470.000\u0111<\/li>\n\n\n\n<li>iphone 11 pro: 580.000\u0111<\/li>\n\n\n\n<li>iphone 11 pro max: 640.000\u0111<\/li>\n\n\n\n<li>iphone 12 \/ 12 pro: 480.000\u0111<\/li>\n\n\n\n<li>iphone 12 mini: 440.000\u0111<\/li>\n\n\n\n<li>iphone 12 pro max: 570.000\u0111<\/li>\n\n\n\n<li>iphone 13: 510.000\u0111<\/li>\n\n\n\n<li>iphone 13 mini: 440.000\u0111<\/li>\n\n\n\n<li>iphone 13 pro: 610.000\u0111<\/li>\n\n\n\n<li>iphone 13 pro max: 650.000\u0111<\/li>\n\n\n\n<li>iphone 14: 490.000\u0111<\/li>\n\n\n\n<li>iphone 14 plus: 560.000\u0111<\/li>\n\n\n\n<li>iphone 14 pro: 610.000\u0111<\/li>\n\n\n\n<li>iphone 14 pro max: 720.000\u0111<\/li>\n\n\n\n<li>iphone 15: 560.000\u0111<\/li>\n\n\n\n<li>iphone 15 plus: 600.000\u0111<\/li>\n\n\n\n<li>iphone 15 pro: 640.000\u0111<\/li>\n\n\n\n<li>iphone 15 pro max: 740.000\u0111<\/li>\n\n\n\n<li>iphone se: 290.000\u0111<\/li>\n\n\n\n<li>iphone se 2: 310.000\u0111<\/li>\n\n\n\n<li>iphone se 3: 600.000\u0111<\/li>\n<\/ul>\n\n\n\n<h2 class=\"wp-block-heading has-system-serif-font-family\">Thay l\u01b0ng<\/h2>\n\n\n\n<ul class=\"wp-block-list\">\n<li>Iphone X \/ Xs \/ Xsm \/ Xr: 200K<\/li>\n\n\n\n<li>Iphone 11: 250K<\/li>\n\n\n\n<li>Iphone 11pro \/ 11prm: 300K<\/li>\n\n\n\n<li>Iphone 12 \/ 12pro: 300K<\/li>\n\n\n\n<li>Iphone 12prm: 350K<\/li>\n\n\n\n<li>Iphone 13 \/ 13mini: 300K<\/li>\n\n\n\n<li>Iphone 13pro \/ 13prm: 350K<\/li>\n\n\n\n<li>Iphone 14 \/ 14plus: 350K<\/li>\n\n\n\n<li>Iphone 14pro \/ 14prm: 400K<\/li>\n\n\n\n<li>Iphone 15 \/ 15plus: 450K<\/li>\n\n\n\n<li>Iphone 15pro \/ 15prm: 500K<\/li>\n<\/ul>\n\n\n\n<h2 class=\"wp-block-heading\">Face ID<\/h2>\n\n\n\n<ul class=\"wp-block-list\">\n<li>Iphone X \/ Xs \/ Xsm \/ Xr \/ 11 \/ 11pro \/ 11prm: 250K<\/li>\n\n\n\n<li>Iphone 12 \/ 12pro \/ 12prm: 300K<\/li>\n\n\n\n<li>Iphone 13 \/ 13mini \/ 13pro \/ 13prm: 600K<\/li>\n\n\n\n<li>Iphone 14 \/ 14plus \/ 14pro \/ 14prm: 600K<\/li>\n\n\n\n<li>Iphone 15 \/ 15plus \/ 15pro \/ 15prm : 700K<\/li>\n\n\n\n<li>Iphone 16 \/ 16plus \/ 16pro \/ 16prm : 700K<br><em><strong><mark style=\"background-color:rgba(0, 0, 0, 0)\" class=\"has-inline-color has-primary-color\">D\u00c2Y TR\u00caN +250K<\/mark><\/strong><\/em><\/li>\n<\/ul>\n\n\n\n<h2 class=\"wp-block-heading\">\u0110\u00f3ng ic k\u00ednh<\/h2>\n\n\n\n<ul class=\"wp-block-list\">\n<li>13 \/ 13mini IC k\u00ednh: 600K<\/li>\n\n\n\n<li>13pro \/ 13prm IC k\u00ednh: 1tr<\/li>\n\n\n\n<li>14 \/ 14plus IC k\u00ednh: 600K<\/li>\n\n\n\n<li>14pro \/ 14prm IC k\u00ednh: 1tr<\/li>\n\n\n\n<li>15 \/ 15plus IC k\u00ednh: 1tr<\/li>\n\n\n\n<li>15pro \/ 15prm IC k\u00ednh: 1tr6<\/li>\n<\/ul>\n\n\n\n<p><\/p>\n","protected":false},"excerpt":{"rendered":"<p>\u00c9p k\u00ednh \u00c9p c\u1ea3m Cam \u0111\u1ed1m | Cam rung \u00c9p c\u1ed5 c\u00e1p Thay pin Thay l\u01b0ng Face ID \u0110\u00f3ng ic k\u00ednh<\/p>\n","protected":false},"author":1,"featured_media":845,"parent":0,"menu_order":0,"comment_status":"closed","ping_status":"closed","template":"","meta":{"footnotes":""},"class_list":["post-666","page","type-page","status-publish","has-post-thumbnail","hentry"],"yoast_head":"<!-- This site is optimized with the Yoast SEO plugin v27.5 - https:\/\/yoast.com\/product\/yoast-seo-wordpress\/ -->\n<title>IPHONE - ANHTHU24H<\/title>\n<meta name=\"description\" content=\"ANHTHU24H l\u00e0 trung t\u00e2m s\u1eeda ch\u1eefa iPhone chuy\u00ean s\u00e2u, nh\u1eadn thay m\u1eb7t k\u00ednh, thay c\u1ea3m \u1ee9ng iPhone v\u00e0 fix l\u1ed7i m\u00e0n h\u00ecnh xanh \u2013 tr\u1eafng \u2013 treo t\u00e1o v\u1edbi k\u1ef9 thu\u1eadt vi\u00ean nhi\u1ec1u n\u0103m kinh nghi\u1ec7m, trang thi\u1ebft b\u1ecb hi\u1ec7n \u0111\u1ea1i, x\u1eed l\u00fd nhanh \u2013 ch\u00ednh x\u00e1c \u2013 an to\u00e0n.Ch\u00fang t\u00f4i nh\u1eadn x\u1eed l\u00fd m\u1ecdi l\u1ed7i m\u00e0n h\u00ecnh iPhone:V\u1ee1 m\u1eb7t k\u00ednh, b\u1ec3 k\u00ednh nh\u01b0ng m\u00e0n c\u00f2n hi\u1ec3n th\u1ecbLi\u1ec7t c\u1ea3m \u1ee9ng, lo\u1ea1n c\u1ea3m \u1ee9ngM\u00e0n h\u00ecnh xanh, tr\u1eafng, s\u1ecdc, nh\u1ea5p nh\u00e1yiPhone treo t\u00e1o, treo logo Apple\u0110\u01a1 m\u00e0n, \u0111\u1ee9ng h\u00ecnh, ch\u1edbp t\u1eaft li\u00ean t\u1ee5cFix l\u1ed7i IC hi\u1ec3n th\u1ecb, IC c\u1ea3m \u1ee9ngKh\u1eafc ph\u1ee5c l\u1ed7i m\u00e0n sau r\u01a1i r\u1edbt, v\u00e0o n\u01b0\u1edbc\" \/>\n<meta name=\"robots\" content=\"index, follow, max-snippet:-1, max-image-preview:large, max-video-preview:-1\" \/>\n<link rel=\"canonical\" href=\"http:\/\/anhthu24h.com\/?page_id=666\" \/>\n<meta property=\"og:locale\" content=\"vi_VN\" \/>\n<meta property=\"og:type\" content=\"article\" \/>\n<meta property=\"og:title\" content=\"IPHONE - ANHTHU24H\" \/>\n<meta property=\"og:description\" content=\"ANHTHU24H l\u00e0 trung t\u00e2m s\u1eeda ch\u1eefa iPhone chuy\u00ean s\u00e2u, nh\u1eadn thay m\u1eb7t k\u00ednh, thay c\u1ea3m \u1ee9ng iPhone v\u00e0 fix l\u1ed7i m\u00e0n h\u00ecnh xanh \u2013 tr\u1eafng \u2013 treo t\u00e1o v\u1edbi k\u1ef9 thu\u1eadt vi\u00ean nhi\u1ec1u n\u0103m kinh nghi\u1ec7m, trang thi\u1ebft b\u1ecb hi\u1ec7n \u0111\u1ea1i, x\u1eed l\u00fd nhanh \u2013 ch\u00ednh x\u00e1c \u2013 an to\u00e0n.Ch\u00fang t\u00f4i nh\u1eadn x\u1eed l\u00fd m\u1ecdi l\u1ed7i m\u00e0n h\u00ecnh iPhone:V\u1ee1 m\u1eb7t k\u00ednh, b\u1ec3 k\u00ednh nh\u01b0ng m\u00e0n c\u00f2n hi\u1ec3n th\u1ecbLi\u1ec7t c\u1ea3m \u1ee9ng, lo\u1ea1n c\u1ea3m \u1ee9ngM\u00e0n h\u00ecnh xanh, tr\u1eafng, s\u1ecdc, nh\u1ea5p nh\u00e1yiPhone treo t\u00e1o, treo logo Apple\u0110\u01a1 m\u00e0n, \u0111\u1ee9ng h\u00ecnh, ch\u1edbp t\u1eaft li\u00ean t\u1ee5cFix l\u1ed7i IC hi\u1ec3n th\u1ecb, IC c\u1ea3m \u1ee9ngKh\u1eafc ph\u1ee5c l\u1ed7i m\u00e0n sau r\u01a1i r\u1edbt, v\u00e0o n\u01b0\u1edbc\" \/>\n<meta property=\"og:url\" content=\"http:\/\/anhthu24h.com\/?page_id=666\" \/>\n<meta property=\"og:site_name\" content=\"ANHTHU24H\" \/>\n<meta property=\"article:modified_time\" content=\"2026-01-22T05:10:56+00:00\" \/>\n<meta property=\"og:image\" content=\"http:\/\/anhthu24h.com\/wp-content\/uploads\/2026\/01\/7404c60f85a3d08550c6e0b3859b2312.jpg\" \/>\n\t<meta property=\"og:image:width\" content=\"1200\" \/>\n\t<meta property=\"og:image:height\" content=\"400\" \/>\n\t<meta property=\"og:image:type\" content=\"image\/jpeg\" \/>\n<meta name=\"twitter:card\" content=\"summary_large_image\" \/>\n<meta name=\"twitter:label1\" content=\"\u01af\u1edbc t\u00ednh th\u1eddi gian \u0111\u1ecdc\" \/>\n\t<meta name=\"twitter:data1\" content=\"4 ph\u00fat\" \/>\n<script type=\"application\/ld+json\" class=\"yoast-schema-graph\">{\"@context\":\"https:\\\/\\\/schema.org\",\"@graph\":[{\"@type\":\"WebPage\",\"@id\":\"http:\\\/\\\/anhthu24h.com\\\/?page_id=666\",\"url\":\"http:\\\/\\\/anhthu24h.com\\\/?page_id=666\",\"name\":\"IPHONE - ANHTHU24H\",\"isPartOf\":{\"@id\":\"http:\\\/\\\/anhthu24h.com\\\/#website\"},\"primaryImageOfPage\":{\"@id\":\"http:\\\/\\\/anhthu24h.com\\\/?page_id=666#primaryimage\"},\"image\":{\"@id\":\"http:\\\/\\\/anhthu24h.com\\\/?page_id=666#primaryimage\"},\"thumbnailUrl\":\"http:\\\/\\\/anhthu24h.com\\\/wp-content\\\/uploads\\\/2026\\\/01\\\/7404c60f85a3d08550c6e0b3859b2312.jpg\",\"datePublished\":\"2026-01-20T04:29:51+00:00\",\"dateModified\":\"2026-01-22T05:10:56+00:00\",\"description\":\"ANHTHU24H l\u00e0 trung t\u00e2m s\u1eeda ch\u1eefa iPhone chuy\u00ean s\u00e2u, nh\u1eadn thay m\u1eb7t k\u00ednh, thay c\u1ea3m \u1ee9ng iPhone v\u00e0 fix l\u1ed7i m\u00e0n h\u00ecnh xanh \u2013 tr\u1eafng \u2013 treo t\u00e1o v\u1edbi k\u1ef9 thu\u1eadt vi\u00ean nhi\u1ec1u n\u0103m kinh nghi\u1ec7m, trang thi\u1ebft b\u1ecb hi\u1ec7n \u0111\u1ea1i, x\u1eed l\u00fd nhanh \u2013 ch\u00ednh x\u00e1c \u2013 an to\u00e0n.Ch\u00fang t\u00f4i nh\u1eadn x\u1eed l\u00fd m\u1ecdi l\u1ed7i m\u00e0n h\u00ecnh iPhone:V\u1ee1 m\u1eb7t k\u00ednh, b\u1ec3 k\u00ednh nh\u01b0ng m\u00e0n c\u00f2n hi\u1ec3n th\u1ecbLi\u1ec7t c\u1ea3m \u1ee9ng, lo\u1ea1n c\u1ea3m \u1ee9ngM\u00e0n h\u00ecnh xanh, tr\u1eafng, s\u1ecdc, nh\u1ea5p nh\u00e1yiPhone treo t\u00e1o, treo logo Apple\u0110\u01a1 m\u00e0n, \u0111\u1ee9ng h\u00ecnh, ch\u1edbp t\u1eaft li\u00ean t\u1ee5cFix l\u1ed7i IC hi\u1ec3n th\u1ecb, IC c\u1ea3m \u1ee9ngKh\u1eafc ph\u1ee5c l\u1ed7i m\u00e0n sau r\u01a1i r\u1edbt, v\u00e0o n\u01b0\u1edbc\",\"breadcrumb\":{\"@id\":\"http:\\\/\\\/anhthu24h.com\\\/?page_id=666#breadcrumb\"},\"inLanguage\":\"vi\",\"potentialAction\":[{\"@type\":\"ReadAction\",\"target\":[\"http:\\\/\\\/anhthu24h.com\\\/?page_id=666\"]}]},{\"@type\":\"ImageObject\",\"inLanguage\":\"vi\",\"@id\":\"http:\\\/\\\/anhthu24h.com\\\/?page_id=666#primaryimage\",\"url\":\"http:\\\/\\\/anhthu24h.com\\\/wp-content\\\/uploads\\\/2026\\\/01\\\/7404c60f85a3d08550c6e0b3859b2312.jpg\",\"contentUrl\":\"http:\\\/\\\/anhthu24h.com\\\/wp-content\\\/uploads\\\/2026\\\/01\\\/7404c60f85a3d08550c6e0b3859b2312.jpg\",\"width\":1200,\"height\":400},{\"@type\":\"BreadcrumbList\",\"@id\":\"http:\\\/\\\/anhthu24h.com\\\/?page_id=666#breadcrumb\",\"itemListElement\":[{\"@type\":\"ListItem\",\"position\":1,\"name\":\"Trang ch\u1ee7\",\"item\":\"http:\\\/\\\/anhthu24h.com\\\/\"},{\"@type\":\"ListItem\",\"position\":2,\"name\":\"IPHONE\"}]},{\"@type\":\"WebSite\",\"@id\":\"http:\\\/\\\/anhthu24h.com\\\/#website\",\"url\":\"http:\\\/\\\/anhthu24h.com\\\/\",\"name\":\"ANH THU 24H\",\"description\":\"Gi\u1ea3i Ph&aacute;p S\u1eeda ch\u1eefa \u0110i\u1ec7n Tho\u1ea1i  \",\"publisher\":{\"@id\":\"http:\\\/\\\/anhthu24h.com\\\/#organization\"},\"potentialAction\":[{\"@type\":\"SearchAction\",\"target\":{\"@type\":\"EntryPoint\",\"urlTemplate\":\"http:\\\/\\\/anhthu24h.com\\\/?s={search_term_string}\"},\"query-input\":{\"@type\":\"PropertyValueSpecification\",\"valueRequired\":true,\"valueName\":\"search_term_string\"}}],\"inLanguage\":\"vi\"},{\"@type\":\"Organization\",\"@id\":\"http:\\\/\\\/anhthu24h.com\\\/#organization\",\"name\":\"ANH THU 24H\",\"url\":\"http:\\\/\\\/anhthu24h.com\\\/\",\"logo\":{\"@type\":\"ImageObject\",\"inLanguage\":\"vi\",\"@id\":\"http:\\\/\\\/anhthu24h.com\\\/#\\\/schema\\\/logo\\\/image\\\/\",\"url\":\"http:\\\/\\\/anhthu24h.com\\\/wp-content\\\/uploads\\\/2025\\\/10\\\/width_800.png\",\"contentUrl\":\"http:\\\/\\\/anhthu24h.com\\\/wp-content\\\/uploads\\\/2025\\\/10\\\/width_800.png\",\"width\":800,\"height\":800,\"caption\":\"ANH THU 24H\"},\"image\":{\"@id\":\"http:\\\/\\\/anhthu24h.com\\\/#\\\/schema\\\/logo\\\/image\\\/\"}}]}<\/script>\n<!-- \/ Yoast SEO plugin. -->","yoast_head_json":{"title":"IPHONE - ANHTHU24H","description":"ANHTHU24H l\u00e0 trung t\u00e2m s\u1eeda ch\u1eefa iPhone chuy\u00ean s\u00e2u, nh\u1eadn thay m\u1eb7t k\u00ednh, thay c\u1ea3m \u1ee9ng iPhone v\u00e0 fix l\u1ed7i m\u00e0n h\u00ecnh xanh \u2013 tr\u1eafng \u2013 treo t\u00e1o v\u1edbi k\u1ef9 thu\u1eadt vi\u00ean nhi\u1ec1u n\u0103m kinh nghi\u1ec7m, trang thi\u1ebft b\u1ecb hi\u1ec7n \u0111\u1ea1i, x\u1eed l\u00fd nhanh \u2013 ch\u00ednh x\u00e1c \u2013 an to\u00e0n.Ch\u00fang t\u00f4i nh\u1eadn x\u1eed l\u00fd m\u1ecdi l\u1ed7i m\u00e0n h\u00ecnh iPhone:V\u1ee1 m\u1eb7t k\u00ednh, b\u1ec3 k\u00ednh nh\u01b0ng m\u00e0n c\u00f2n hi\u1ec3n th\u1ecbLi\u1ec7t c\u1ea3m \u1ee9ng, lo\u1ea1n c\u1ea3m \u1ee9ngM\u00e0n h\u00ecnh xanh, tr\u1eafng, s\u1ecdc, nh\u1ea5p nh\u00e1yiPhone treo t\u00e1o, treo logo Apple\u0110\u01a1 m\u00e0n, \u0111\u1ee9ng h\u00ecnh, ch\u1edbp t\u1eaft li\u00ean t\u1ee5cFix l\u1ed7i IC hi\u1ec3n th\u1ecb, IC c\u1ea3m \u1ee9ngKh\u1eafc ph\u1ee5c l\u1ed7i m\u00e0n sau r\u01a1i r\u1edbt, v\u00e0o n\u01b0\u1edbc","robots":{"index":"index","follow":"follow","max-snippet":"max-snippet:-1","max-image-preview":"max-image-preview:large","max-video-preview":"max-video-preview:-1"},"canonical":"http:\/\/anhthu24h.com\/?page_id=666","og_locale":"vi_VN","og_type":"article","og_title":"IPHONE - ANHTHU24H","og_description":"ANHTHU24H l\u00e0 trung t\u00e2m s\u1eeda ch\u1eefa iPhone chuy\u00ean s\u00e2u, nh\u1eadn thay m\u1eb7t k\u00ednh, thay c\u1ea3m \u1ee9ng iPhone v\u00e0 fix l\u1ed7i m\u00e0n h\u00ecnh xanh \u2013 tr\u1eafng \u2013 treo t\u00e1o v\u1edbi k\u1ef9 thu\u1eadt vi\u00ean nhi\u1ec1u n\u0103m kinh nghi\u1ec7m, trang thi\u1ebft b\u1ecb hi\u1ec7n \u0111\u1ea1i, x\u1eed l\u00fd nhanh \u2013 ch\u00ednh x\u00e1c \u2013 an to\u00e0n.Ch\u00fang t\u00f4i nh\u1eadn x\u1eed l\u00fd m\u1ecdi l\u1ed7i m\u00e0n h\u00ecnh iPhone:V\u1ee1 m\u1eb7t k\u00ednh, b\u1ec3 k\u00ednh nh\u01b0ng m\u00e0n c\u00f2n hi\u1ec3n th\u1ecbLi\u1ec7t c\u1ea3m \u1ee9ng, lo\u1ea1n c\u1ea3m \u1ee9ngM\u00e0n h\u00ecnh xanh, tr\u1eafng, s\u1ecdc, nh\u1ea5p nh\u00e1yiPhone treo t\u00e1o, treo logo Apple\u0110\u01a1 m\u00e0n, \u0111\u1ee9ng h\u00ecnh, ch\u1edbp t\u1eaft li\u00ean t\u1ee5cFix l\u1ed7i IC hi\u1ec3n th\u1ecb, IC c\u1ea3m \u1ee9ngKh\u1eafc ph\u1ee5c l\u1ed7i m\u00e0n sau r\u01a1i r\u1edbt, v\u00e0o n\u01b0\u1edbc","og_url":"http:\/\/anhthu24h.com\/?page_id=666","og_site_name":"ANHTHU24H","article_modified_time":"2026-01-22T05:10:56+00:00","og_image":[{"width":1200,"height":400,"url":"http:\/\/anhthu24h.com\/wp-content\/uploads\/2026\/01\/7404c60f85a3d08550c6e0b3859b2312.jpg","type":"image\/jpeg"}],"twitter_card":"summary_large_image","twitter_misc":{"\u01af\u1edbc t\u00ednh th\u1eddi gian \u0111\u1ecdc":"4 ph\u00fat"},"schema":{"@context":"https:\/\/schema.org","@graph":[{"@type":"WebPage","@id":"http:\/\/anhthu24h.com\/?page_id=666","url":"http:\/\/anhthu24h.com\/?page_id=666","name":"IPHONE - ANHTHU24H","isPartOf":{"@id":"http:\/\/anhthu24h.com\/#website"},"primaryImageOfPage":{"@id":"http:\/\/anhthu24h.com\/?page_id=666#primaryimage"},"image":{"@id":"http:\/\/anhthu24h.com\/?page_id=666#primaryimage"},"thumbnailUrl":"http:\/\/anhthu24h.com\/wp-content\/uploads\/2026\/01\/7404c60f85a3d08550c6e0b3859b2312.jpg","datePublished":"2026-01-20T04:29:51+00:00","dateModified":"2026-01-22T05:10:56+00:00","description":"ANHTHU24H l\u00e0 trung t\u00e2m s\u1eeda ch\u1eefa iPhone chuy\u00ean s\u00e2u, nh\u1eadn thay m\u1eb7t k\u00ednh, thay c\u1ea3m \u1ee9ng iPhone v\u00e0 fix l\u1ed7i m\u00e0n h\u00ecnh xanh \u2013 tr\u1eafng \u2013 treo t\u00e1o v\u1edbi k\u1ef9 thu\u1eadt vi\u00ean nhi\u1ec1u n\u0103m kinh nghi\u1ec7m, trang thi\u1ebft b\u1ecb hi\u1ec7n \u0111\u1ea1i, x\u1eed l\u00fd nhanh \u2013 ch\u00ednh x\u00e1c \u2013 an to\u00e0n.Ch\u00fang t\u00f4i nh\u1eadn x\u1eed l\u00fd m\u1ecdi l\u1ed7i m\u00e0n h\u00ecnh iPhone:V\u1ee1 m\u1eb7t k\u00ednh, b\u1ec3 k\u00ednh nh\u01b0ng m\u00e0n c\u00f2n hi\u1ec3n th\u1ecbLi\u1ec7t c\u1ea3m \u1ee9ng, lo\u1ea1n c\u1ea3m \u1ee9ngM\u00e0n h\u00ecnh xanh, tr\u1eafng, s\u1ecdc, nh\u1ea5p nh\u00e1yiPhone treo t\u00e1o, treo logo Apple\u0110\u01a1 m\u00e0n, \u0111\u1ee9ng h\u00ecnh, ch\u1edbp t\u1eaft li\u00ean t\u1ee5cFix l\u1ed7i IC hi\u1ec3n th\u1ecb, IC c\u1ea3m \u1ee9ngKh\u1eafc ph\u1ee5c l\u1ed7i m\u00e0n sau r\u01a1i r\u1edbt, v\u00e0o n\u01b0\u1edbc","breadcrumb":{"@id":"http:\/\/anhthu24h.com\/?page_id=666#breadcrumb"},"inLanguage":"vi","potentialAction":[{"@type":"ReadAction","target":["http:\/\/anhthu24h.com\/?page_id=666"]}]},{"@type":"ImageObject","inLanguage":"vi","@id":"http:\/\/anhthu24h.com\/?page_id=666#primaryimage","url":"http:\/\/anhthu24h.com\/wp-content\/uploads\/2026\/01\/7404c60f85a3d08550c6e0b3859b2312.jpg","contentUrl":"http:\/\/anhthu24h.com\/wp-content\/uploads\/2026\/01\/7404c60f85a3d08550c6e0b3859b2312.jpg","width":1200,"height":400},{"@type":"BreadcrumbList","@id":"http:\/\/anhthu24h.com\/?page_id=666#breadcrumb","itemListElement":[{"@type":"ListItem","position":1,"name":"Trang ch\u1ee7","item":"http:\/\/anhthu24h.com\/"},{"@type":"ListItem","position":2,"name":"IPHONE"}]},{"@type":"WebSite","@id":"http:\/\/anhthu24h.com\/#website","url":"http:\/\/anhthu24h.com\/","name":"ANH THU 24H","description":"Gi\u1ea3i Ph&aacute;p S\u1eeda ch\u1eefa \u0110i\u1ec7n Tho\u1ea1i  ","publisher":{"@id":"http:\/\/anhthu24h.com\/#organization"},"potentialAction":[{"@type":"SearchAction","target":{"@type":"EntryPoint","urlTemplate":"http:\/\/anhthu24h.com\/?s={search_term_string}"},"query-input":{"@type":"PropertyValueSpecification","valueRequired":true,"valueName":"search_term_string"}}],"inLanguage":"vi"},{"@type":"Organization","@id":"http:\/\/anhthu24h.com\/#organization","name":"ANH THU 24H","url":"http:\/\/anhthu24h.com\/","logo":{"@type":"ImageObject","inLanguage":"vi","@id":"http:\/\/anhthu24h.com\/#\/schema\/logo\/image\/","url":"http:\/\/anhthu24h.com\/wp-content\/uploads\/2025\/10\/width_800.png","contentUrl":"http:\/\/anhthu24h.com\/wp-content\/uploads\/2025\/10\/width_800.png","width":800,"height":800,"caption":"ANH THU 24H"},"image":{"@id":"http:\/\/anhthu24h.com\/#\/schema\/logo\/image\/"}}]}},"_links":{"self":[{"href":"http:\/\/anhthu24h.com\/index.php?rest_route=\/wp\/v2\/pages\/666","targetHints":{"allow":["GET"]}}],"collection":[{"href":"http:\/\/anhthu24h.com\/index.php?rest_route=\/wp\/v2\/pages"}],"about":[{"href":"http:\/\/anhthu24h.com\/index.php?rest_route=\/wp\/v2\/types\/page"}],"author":[{"embeddable":true,"href":"http:\/\/anhthu24h.com\/index.php?rest_route=\/wp\/v2\/users\/1"}],"replies":[{"embeddable":true,"href":"http:\/\/anhthu24h.com\/index.php?rest_route=%2Fwp%2Fv2%2Fcomments&post=666"}],"version-history":[{"count":4,"href":"http:\/\/anhthu24h.com\/index.php?rest_route=\/wp\/v2\/pages\/666\/revisions"}],"predecessor-version":[{"id":865,"href":"http:\/\/anhthu24h.com\/index.php?rest_route=\/wp\/v2\/pages\/666\/revisions\/865"}],"wp:featuredmedia":[{"embeddable":true,"href":"http:\/\/anhthu24h.com\/index.php?rest_route=\/wp\/v2\/media\/845"}],"wp:attachment":[{"href":"http:\/\/anhthu24h.com\/index.php?rest_route=%2Fwp%2Fv2%2Fmedia&parent=666"}],"curies":[{"name":"wp","href":"https:\/\/api.w.org\/{rel}","templated":true}]}}