{"id":672,"date":"2026-01-20T11:42:59","date_gmt":"2026-01-20T04:42:59","guid":{"rendered":"http:\/\/anhthu24h.com\/?page_id=672"},"modified":"2026-01-22T13:08:23","modified_gmt":"2026-01-22T06:08:23","slug":"oppo-realme","status":"publish","type":"page","link":"http:\/\/anhthu24h.com\/?page_id=672","title":{"rendered":"OPPO \u2013 REALME"},"content":{"rendered":"\n<h2 class=\"wp-block-heading\" style=\"text-transform:capitalize\">Thay c\u00e1p g\u1eadp oppo find n<\/h2>\n\n\n\n<p style=\"text-transform:capitalize\">c\u00e1p g\u1eadp oppo find n5 zin h\u00e3ng: 2.900k<br>c\u00e1p g\u1eadp oppo find n3 flip (zin h\u00e3ng): 1.900k<br>c\u00e1p g\u1eadp oppo find n2 flip (zin h\u00e3ng): 1.900k<br>c\u00e1p g\u1eadp oppo find n3 zin h\u00e3ng: 2.900k<br>c\u00e1p g\u1eadp oppo find n2 zin h\u00e3ng: 2.700k<br>c\u00e1p g\u1eadp oppo find n zin h\u00e3ng: 2.500k<\/p>\n\n\n\n<h3 class=\"wp-block-heading\">I. OPPO RENO (NH\u00d3M CHUNG)<\/h3>\n\n\n\n<p><strong>1. OPPO RENO 4SE 05<\/strong><\/p>\n\n\n\n<p><strong>Model chung:<\/strong><\/p>\n\n\n\n<ul class=\"wp-block-list\">\n<li>A74 4G<\/li>\n\n\n\n<li>A95 4G<\/li>\n\n\n\n<li>A96 5G<\/li>\n\n\n\n<li>F19 4G<\/li>\n\n\n\n<li>F19S 4G<\/li>\n\n\n\n<li>F21s pro 5G<\/li>\n\n\n\n<li>Reno6 lite 4G<\/li>\n\n\n\n<li>Reno 7Z 5G<\/li>\n\n\n\n<li>Reno8Z 5G<\/li>\n\n\n\n<li>Reno8lite 5G<\/li>\n\n\n\n<li>Realme6 4G<\/li>\n\n\n\n<li>1 + nord n20 5G<\/li>\n\n\n\n<li>N200<\/li>\n<\/ul>\n\n\n\n<p><strong>Gi\u00e1:<\/strong> \u00c9p k\u00ednh CH: <strong>350<\/strong><\/p>\n\n\n\n<p><strong>2. OPPO RENO 7SE<\/strong><\/p>\n\n\n\n<p><strong>Model chung:<\/strong><\/p>\n\n\n\n<ul class=\"wp-block-list\">\n<li>Reno 7se 5G<\/li>\n\n\n\n<li>Reno 7a 5G<\/li>\n\n\n\n<li>Reno8 4G<\/li>\n\n\n\n<li>Reno8T<\/li>\n\n\n\n<li>F21 PRO 4G<\/li>\n\n\n\n<li>F21S PRO 4G<\/li>\n\n\n\n<li>Realme Q3pro5G<\/li>\n\n\n\n<li>FIND X5LITE 5G<\/li>\n\n\n\n<li>Realme9 4G<\/li>\n\n\n\n<li>Realme 10 4G<\/li>\n\n\n\n<li>Realme 9PRO + 4G<\/li>\n\n\n\n<li>NARZO 50 PRO 5G<\/li>\n\n\n\n<li>1 + NORE CE2<\/li>\n<\/ul>\n\n\n\n<p><strong>Gi\u00e1:<\/strong> \u00c9p k\u00ednh CH: <strong>300<\/strong><\/p>\n\n\n\n<p><strong>3. OPPO RENO 4SE 04<\/strong><\/p>\n\n\n\n<p><strong>Model chung:<\/strong><\/p>\n\n\n\n<ul class=\"wp-block-list\">\n<li>Reno4se 5G<\/li>\n\n\n\n<li>Reno5lite<\/li>\n\n\n\n<li>Reno5F 4G<\/li>\n\n\n\n<li>Reno5Z 4G<\/li>\n\n\n\n<li>Ren6Z 5G<\/li>\n\n\n\n<li>Realme V15 5G<\/li>\n\n\n\n<li>Realme X7 5G<\/li>\n\n\n\n<li>Realme Q2pro 5G<\/li>\n\n\n\n<li>Realme 7pro 4G<\/li>\n\n\n\n<li>Realme 8pro 4G<\/li>\n\n\n\n<li>A94 4G<\/li>\n\n\n\n<li>A94 5G<\/li>\n\n\n\n<li>A95 5G<\/li>\n\n\n\n<li>F19pro 4G<\/li>\n\n\n\n<li>F19pro + 5g<\/li>\n<\/ul>\n\n\n\n<p><strong>Gi\u00e1:<\/strong> \u00c9p k\u00ednh CH: <strong>350<\/strong><\/p>\n\n\n\n<p><strong>4. OPPO RENO 5<\/strong><\/p>\n\n\n\n<p><strong>Model chung:<\/strong><\/p>\n\n\n\n<ul class=\"wp-block-list\">\n<li>Reno5 5G<\/li>\n\n\n\n<li>Reno6 5G<\/li>\n\n\n\n<li>Reno7 5G<\/li>\n\n\n\n<li>Reno 5K<\/li>\n\n\n\n<li>Reno5 4G<\/li>\n\n\n\n<li>Realme GT<\/li>\n\n\n\n<li>Realme GT Neo<\/li>\n\n\n\n<li>Realme GT Neo Flash<\/li>\n\n\n\n<li>Realme Q3pro 5G<\/li>\n\n\n\n<li>Realme Q3pro 5G Carnival<\/li>\n\n\n\n<li>Realme GT Master<\/li>\n\n\n\n<li>Realme GT MasterEdition<\/li>\n\n\n\n<li>Oppo K9 5G<\/li>\n\n\n\n<li>Oppo K9 Pro<\/li>\n\n\n\n<li>FindX3 Lite<\/li>\n\n\n\n<li>1+ Nord 2T 5G<\/li>\n\n\n\n<li>1 + Nord2 5G<\/li>\n\n\n\n<li>1+ Nord CE 5G<\/li>\n<\/ul>\n\n\n\n<p><strong>Gi\u00e1:<\/strong> \u00c9p k\u00ednh CH: <strong>300<\/strong><\/p>\n\n\n\n<h2 class=\"wp-block-heading\">II. REALME<\/h2>\n\n\n\n<p><strong>Realme GT Series<\/strong><\/p>\n\n\n\n<ul class=\"wp-block-list\">\n<li>Realme GT2 pro: <strong>\u00c9p k\u00ednh 600<\/strong><\/li>\n\n\n\n<li>Realme GT Neo 3: <strong>300<\/strong><\/li>\n\n\n\n<li>Realme GT Neo 5: <strong>400<\/strong><\/li>\n\n\n\n<li>Realme GT Neo 6 \/ GT Neo6 SE \/ Realme GT6: <strong>700<\/strong><\/li>\n<\/ul>\n\n\n\n<p><strong>Realme Number Series<\/strong><\/p>\n\n\n\n<ul class=\"wp-block-list\">\n<li>Realme 1: <strong>250<\/strong><\/li>\n\n\n\n<li>Realme 2: <strong>250<\/strong><\/li>\n\n\n\n<li>Realme 3 \/ A7 2018 \/ A5S \/ A12 2020: <strong>250<\/strong><\/li>\n\n\n\n<li>Realme 3i: <strong>950<\/strong><\/li>\n\n\n\n<li>Realme 3 Pro \/ Realme 2 pro \/ Realme X Lite: <strong>250<\/strong><\/li>\n\n\n\n<li>Realme 5 pro \/ Realme Q: <strong>250<\/strong><\/li>\n\n\n\n<li>Realme 5S: <strong>250<\/strong><\/li>\n\n\n\n<li>Realme 6: <strong>250<\/strong><\/li>\n\n\n\n<li>Realme 6 Pro \/ realme X50 \/ reno 4Z \/ Realme X3 \/ Oppo A92S: <strong>300<\/strong><\/li>\n\n\n\n<li>Realme 7: <strong>250<\/strong><\/li>\n\n\n\n<li>Realme 7 5G: <strong>250<\/strong><\/li>\n\n\n\n<li>Realme 7 Pro: <strong>300<\/strong><\/li>\n\n\n\n<li>Realme 8 Pro: <strong>300<\/strong><\/li>\n\n\n\n<li>Realme 8: <strong>600<\/strong><\/li>\n\n\n\n<li>Realme 8 5G: <strong>250<\/strong><\/li>\n\n\n\n<li>Realme 8S 5G: <strong>250<\/strong><\/li>\n\n\n\n<li>Realme 9i \/ Realme 10 5G \/ 10S \/ V20 \/ V30T \/ V30: <strong>200<\/strong><\/li>\n\n\n\n<li>Realme 10 4G: <strong>350<\/strong><\/li>\n\n\n\n<li>Realme 11 Pro: <strong>700<\/strong><\/li>\n\n\n\n<li>Realme 12 4G (cong): <strong>800<\/strong><\/li>\n<\/ul>\n\n\n\n<h2 class=\"wp-block-heading\">III. FIND SERIES<\/h2>\n\n\n\n<p><strong>Find N \u2013 M\u00e1y g\u1eadp<\/strong><\/p>\n\n\n\n<ul class=\"wp-block-list\">\n<li>Find N: <strong>\u00c9p k\u00ednh ngo\u00e0i 900<\/strong><\/li>\n\n\n\n<li>Find N2 Flip: <strong>\u00c9p k\u00ednh<\/strong> <strong>Ngo\u00e0i 1.000<\/strong><\/li>\n\n\n\n<li>Find N3 Flip: <strong>\u00c9p k\u00ednh<\/strong> <strong>Ngo\u00e0i 1.000 <\/strong><\/li>\n<\/ul>\n\n\n\n<p><strong>Find X<\/strong><\/p>\n\n\n\n<ul class=\"wp-block-list\">\n<li>Find X2: <strong>\u00c9p k\u00ednh 1300<\/strong><\/li>\n\n\n\n<li>Find X2 Pro: <strong>1300<\/strong><\/li>\n\n\n\n<li>Find X3 \/ X3 Pro: <strong>1200<\/strong><\/li>\n\n\n\n<li>Find X5: <strong>800<\/strong><\/li>\n\n\n\n<li>Find X5 Pro: <strong>1400<\/strong><\/li>\n\n\n\n<li>Find X6 (cong): <strong>1.000<\/strong><\/li>\n\n\n\n<li>Find X6 Pro (cong): <strong>1200<\/strong><\/li>\n\n\n\n<li>Find X7 Ultra (cong): <strong>1200<\/strong><\/li>\n\n\n\n<li>Find X8 (cong): <strong>1200<\/strong><\/li>\n\n\n\n<li>Find X8 Pro (cong): <strong>1700<\/strong><\/li>\n<\/ul>\n\n\n\n<h2 class=\"wp-block-heading\">IV. OPPO A SERIES <\/h2>\n\n\n\n<ul class=\"wp-block-list\">\n<li>A17 \/ A17S \/ A17K \/ A18 \/ A77 \/ A77S \/ A57 \/ A57S \/ A57E \/ A58 \/ A78 4G \/ A38 \/ K10 \/ Nord N20se: <strong>250 <\/strong><\/li>\n\n\n\n<li>A16 \/ A16S \/ A54S \/ A56-4G \/ Realme C25S: <strong>250<\/strong><\/li>\n\n\n\n<li>A3: <strong>250<\/strong><\/li>\n\n\n\n<li>A5: <strong>250<\/strong><\/li>\n\n\n\n<li>A55 \/ A55 5G \/ A56-5G \/ A55S: <strong>250<\/strong><\/li>\n\n\n\n<li>A74 5G (IPS): <strong>250<\/strong><\/li>\n\n\n\n<li>A78 5G: <strong>400<\/strong><\/li>\n\n\n\n<li>A78 4G: <strong>400<\/strong><\/li>\n\n\n\n<li>A95 4G \/ A96 4G \/ Reno 7Z \/ Reno 8Z \/ Realme 8 Pro \/ A74 \/ Reno 6 Lite \/ Q2 Pro \/ A94 4G \/ Reno 4SE \/ V15 \/ Reno 5 Lite \/ Reno 5F \/ Reno 5Z \/ Realme X7 \/ Realme 8:\n<ul class=\"wp-block-list\">\n<li><strong>\u00c9p k\u00ednh 300<\/strong><\/li>\n<\/ul>\n<\/li>\n<\/ul>\n\n\n\n<p><strong>V. TAB<\/strong><\/p>\n\n\n\n<ul class=\"wp-block-list\">\n<li>OPPO PAD NEO 11.4 inch: <strong>\u00c9p k\u00ednh 900<\/strong><\/li>\n\n\n\n<li>Oppo Pad Air: <strong>800 <\/strong><\/li>\n<\/ul>\n\n\n\n<h2 class=\"wp-block-heading has-system-serif-font-family\" style=\"text-transform:capitalize\">VI. \u00c9P C\u1ed4 C\u1ea2M \u1ee8NG \/ \u00c9P C\u1ed4 M\u00c0N H\u00ccNH<\/h2>\n\n\n\n<p><strong>\u00c9p c\u1ed5 c\u1ea3m \u1ee9ng CH<\/strong><\/p>\n\n\n\n<ul class=\"wp-block-list\">\n<li>Oppo R5 \/ R7 \/ R7S \/ R7 Plus \/ F1 Plus: <strong>350<\/strong><\/li>\n\n\n\n<li>Reno 2 \/ 2F \/ 3 \/ 4: <strong>350<\/strong><\/li>\n<\/ul>\n\n\n\n<p><strong>\u00c9p c\u1ed5 m\u00e0n h\u00ecnh CH<\/strong><\/p>\n\n\n\n<ul class=\"wp-block-list\">\n<li>Reno 3 Pro \/ 4 Pro \/ 5 Pro \/ 6 Pro \/ 7 Pro \/ 8T: <strong>900<\/strong><\/li>\n\n\n\n<li>Reno 6Z: <strong>800<\/strong><\/li>\n\n\n\n<li>Reno 4SE \/ 7SE \/ 4SE 04 \/ Reno 5 (c\u00e1c nh\u00f3m chung): <strong>800<\/strong><\/li>\n<\/ul>\n\n\n\n<p><\/p>\n","protected":false},"excerpt":{"rendered":"<p>Thay c\u00e1p g\u1eadp oppo find n c\u00e1p g\u1eadp oppo find n5 zin h\u00e3ng: 2.900kc\u00e1p g\u1eadp oppo find n3 flip (zin h\u00e3ng): 1.900kc\u00e1p g\u1eadp oppo find n2 flip (zin h\u00e3ng): 1.900kc\u00e1p g\u1eadp oppo find n3 zin h\u00e3ng: 2.900kc\u00e1p g\u1eadp oppo find n2 zin h\u00e3ng: 2.700kc\u00e1p g\u1eadp oppo find n zin h\u00e3ng: 2.500k I. OPPO RENO (NH\u00d3M [&hellip;]<\/p>\n","protected":false},"author":1,"featured_media":841,"parent":0,"menu_order":0,"comment_status":"closed","ping_status":"closed","template":"","meta":{"footnotes":""},"class_list":["post-672","page","type-page","status-publish","has-post-thumbnail","hentry"],"yoast_head":"<!-- This site is optimized with the Yoast SEO plugin v27.5 - https:\/\/yoast.com\/product\/yoast-seo-wordpress\/ -->\n<title>OPPO \u2013 REALME - ANHTHU24H<\/title>\n<meta name=\"description\" content=\"ANHTHU24H l\u00e0 trung t\u00e2m s\u1eeda ch\u1eefa \u0111i\u1ec7n tho\u1ea1i chuy\u00ean s\u00e2u OPPO &amp; REALME, nh\u1eadn thay c\u00e1p g\u1eadp OPPO Find X2, Find X3, Find X4 v\u00e0 \u00e9p k\u00ednh \u2013 thay m\u00e0n h\u00ecnh OPPO RENO, REALME v\u1edbi k\u1ef9 thu\u1eadt vi\u00ean kinh nghi\u1ec7m, thi\u1ebft b\u1ecb hi\u1ec7n \u0111\u1ea1i, thao t\u00e1c chu\u1ea9n \u2013 an to\u00e0n cho m\u00e0n h\u00ecnh.\ud83d\udd27 NH\u1eacN THAY C\u00c1P G\u1eacP OPPO FIND X2 \/ X3 \/ X4C\u00e1p g\u1eadp OPPO Find l\u00e0 linh ki\u1ec7n quan tr\u1ecdng, d\u1ec5 l\u1ed7i sau th\u1eddi gian s\u1eed d\u1ee5ng. Khi c\u00e1p h\u01b0 th\u01b0\u1eddng g\u00e2y:M\u1edf g\u1eadp kh\u00f4ng l\u00ean m\u00e0nS\u1ecdc m\u00e0n, ch\u1edbp m\u00e0n, \u0111en n\u1eeda m\u00e0nM\u1ea5t c\u1ea3m \u1ee9ng khi g\u1eadp \/ m\u1edfM\u1ea5t s\u00f3ng, loa, micM\u00e1y t\u1ef1 t\u1eaft ngu\u1ed3n, treo logo\ud83d\udc49 ANHTHU24H nh\u1eadn thay c\u00e1p g\u1eadp \u0111\u00fang \u0111\u1eddi m\u00e1y, \u0111\u1ea3m b\u1ea3o ho\u1ea1t \u0111\u1ed9ng \u1ed5n \u0111\u1ecbnh, b\u1ec1n l\u00e2u.\u2714\ufe0f Thay c\u00e1p g\u1eadp OPPO Find X2 \/ X3 \/ X4\u2714\ufe0f B\u00e1o gi\u00e1 tr\u01b0\u1edbc \u2013 kh\u00f4ng ph\u00e1t sinh\u2714\ufe0f B\u1ea3o h\u00e0nh r\u00f5 r\u00e0ng\" \/>\n<meta name=\"robots\" content=\"index, follow, max-snippet:-1, max-image-preview:large, max-video-preview:-1\" \/>\n<link rel=\"canonical\" href=\"http:\/\/anhthu24h.com\/?page_id=672\" \/>\n<meta property=\"og:locale\" content=\"vi_VN\" \/>\n<meta property=\"og:type\" content=\"article\" \/>\n<meta property=\"og:title\" content=\"OPPO \u2013 REALME - ANHTHU24H\" \/>\n<meta property=\"og:description\" content=\"ANHTHU24H l\u00e0 trung t\u00e2m s\u1eeda ch\u1eefa \u0111i\u1ec7n tho\u1ea1i chuy\u00ean s\u00e2u OPPO &amp; REALME, nh\u1eadn thay c\u00e1p g\u1eadp OPPO Find X2, Find X3, Find X4 v\u00e0 \u00e9p k\u00ednh \u2013 thay m\u00e0n h\u00ecnh OPPO RENO, REALME v\u1edbi k\u1ef9 thu\u1eadt vi\u00ean kinh nghi\u1ec7m, thi\u1ebft b\u1ecb hi\u1ec7n \u0111\u1ea1i, thao t\u00e1c chu\u1ea9n \u2013 an to\u00e0n cho m\u00e0n h\u00ecnh.\ud83d\udd27 NH\u1eacN THAY C\u00c1P G\u1eacP OPPO FIND X2 \/ X3 \/ X4C\u00e1p g\u1eadp OPPO Find l\u00e0 linh ki\u1ec7n quan tr\u1ecdng, d\u1ec5 l\u1ed7i sau th\u1eddi gian s\u1eed d\u1ee5ng. Khi c\u00e1p h\u01b0 th\u01b0\u1eddng g\u00e2y:M\u1edf g\u1eadp kh\u00f4ng l\u00ean m\u00e0nS\u1ecdc m\u00e0n, ch\u1edbp m\u00e0n, \u0111en n\u1eeda m\u00e0nM\u1ea5t c\u1ea3m \u1ee9ng khi g\u1eadp \/ m\u1edfM\u1ea5t s\u00f3ng, loa, micM\u00e1y t\u1ef1 t\u1eaft ngu\u1ed3n, treo logo\ud83d\udc49 ANHTHU24H nh\u1eadn thay c\u00e1p g\u1eadp \u0111\u00fang \u0111\u1eddi m\u00e1y, \u0111\u1ea3m b\u1ea3o ho\u1ea1t \u0111\u1ed9ng \u1ed5n \u0111\u1ecbnh, b\u1ec1n l\u00e2u.\u2714\ufe0f Thay c\u00e1p g\u1eadp OPPO Find X2 \/ X3 \/ X4\u2714\ufe0f B\u00e1o gi\u00e1 tr\u01b0\u1edbc \u2013 kh\u00f4ng ph\u00e1t sinh\u2714\ufe0f B\u1ea3o h\u00e0nh r\u00f5 r\u00e0ng\" \/>\n<meta property=\"og:url\" content=\"http:\/\/anhthu24h.com\/?page_id=672\" \/>\n<meta property=\"og:site_name\" content=\"ANHTHU24H\" \/>\n<meta property=\"article:modified_time\" content=\"2026-01-22T06:08:23+00:00\" \/>\n<meta property=\"og:image\" content=\"http:\/\/anhthu24h.com\/wp-content\/uploads\/2026\/01\/f8ff7c3f63dec3fc128b6f80458a6ff2.jpg\" \/>\n\t<meta property=\"og:image:width\" content=\"1200\" \/>\n\t<meta property=\"og:image:height\" content=\"1200\" \/>\n\t<meta property=\"og:image:type\" content=\"image\/jpeg\" \/>\n<meta name=\"twitter:card\" content=\"summary_large_image\" \/>\n<meta name=\"twitter:label1\" content=\"\u01af\u1edbc t\u00ednh th\u1eddi gian \u0111\u1ecdc\" \/>\n\t<meta name=\"twitter:data1\" content=\"4 ph\u00fat\" \/>\n<script type=\"application\/ld+json\" class=\"yoast-schema-graph\">{\"@context\":\"https:\\\/\\\/schema.org\",\"@graph\":[{\"@type\":\"WebPage\",\"@id\":\"http:\\\/\\\/anhthu24h.com\\\/?page_id=672\",\"url\":\"http:\\\/\\\/anhthu24h.com\\\/?page_id=672\",\"name\":\"OPPO \u2013 REALME - ANHTHU24H\",\"isPartOf\":{\"@id\":\"http:\\\/\\\/anhthu24h.com\\\/#website\"},\"primaryImageOfPage\":{\"@id\":\"http:\\\/\\\/anhthu24h.com\\\/?page_id=672#primaryimage\"},\"image\":{\"@id\":\"http:\\\/\\\/anhthu24h.com\\\/?page_id=672#primaryimage\"},\"thumbnailUrl\":\"http:\\\/\\\/anhthu24h.com\\\/wp-content\\\/uploads\\\/2026\\\/01\\\/f8ff7c3f63dec3fc128b6f80458a6ff2.jpg\",\"datePublished\":\"2026-01-20T04:42:59+00:00\",\"dateModified\":\"2026-01-22T06:08:23+00:00\",\"description\":\"ANHTHU24H l\u00e0 trung t\u00e2m s\u1eeda ch\u1eefa \u0111i\u1ec7n tho\u1ea1i chuy\u00ean s\u00e2u OPPO & REALME, nh\u1eadn thay c\u00e1p g\u1eadp OPPO Find X2, Find X3, Find X4 v\u00e0 \u00e9p k\u00ednh \u2013 thay m\u00e0n h\u00ecnh OPPO RENO, REALME v\u1edbi k\u1ef9 thu\u1eadt vi\u00ean kinh nghi\u1ec7m, thi\u1ebft b\u1ecb hi\u1ec7n \u0111\u1ea1i, thao t\u00e1c chu\u1ea9n \u2013 an to\u00e0n cho m\u00e0n h\u00ecnh.\ud83d\udd27 NH\u1eacN THAY C\u00c1P G\u1eacP OPPO FIND X2 \\\/ X3 \\\/ X4C\u00e1p g\u1eadp OPPO Find l\u00e0 linh ki\u1ec7n quan tr\u1ecdng, d\u1ec5 l\u1ed7i sau th\u1eddi gian s\u1eed d\u1ee5ng. Khi c\u00e1p h\u01b0 th\u01b0\u1eddng g\u00e2y:M\u1edf g\u1eadp kh\u00f4ng l\u00ean m\u00e0nS\u1ecdc m\u00e0n, ch\u1edbp m\u00e0n, \u0111en n\u1eeda m\u00e0nM\u1ea5t c\u1ea3m \u1ee9ng khi g\u1eadp \\\/ m\u1edfM\u1ea5t s\u00f3ng, loa, micM\u00e1y t\u1ef1 t\u1eaft ngu\u1ed3n, treo logo\ud83d\udc49 ANHTHU24H nh\u1eadn thay c\u00e1p g\u1eadp \u0111\u00fang \u0111\u1eddi m\u00e1y, \u0111\u1ea3m b\u1ea3o ho\u1ea1t \u0111\u1ed9ng \u1ed5n \u0111\u1ecbnh, b\u1ec1n l\u00e2u.\u2714\ufe0f Thay c\u00e1p g\u1eadp OPPO Find X2 \\\/ X3 \\\/ X4\u2714\ufe0f B\u00e1o gi\u00e1 tr\u01b0\u1edbc \u2013 kh\u00f4ng ph\u00e1t sinh\u2714\ufe0f B\u1ea3o h\u00e0nh r\u00f5 r\u00e0ng\",\"breadcrumb\":{\"@id\":\"http:\\\/\\\/anhthu24h.com\\\/?page_id=672#breadcrumb\"},\"inLanguage\":\"vi\",\"potentialAction\":[{\"@type\":\"ReadAction\",\"target\":[\"http:\\\/\\\/anhthu24h.com\\\/?page_id=672\"]}]},{\"@type\":\"ImageObject\",\"inLanguage\":\"vi\",\"@id\":\"http:\\\/\\\/anhthu24h.com\\\/?page_id=672#primaryimage\",\"url\":\"http:\\\/\\\/anhthu24h.com\\\/wp-content\\\/uploads\\\/2026\\\/01\\\/f8ff7c3f63dec3fc128b6f80458a6ff2.jpg\",\"contentUrl\":\"http:\\\/\\\/anhthu24h.com\\\/wp-content\\\/uploads\\\/2026\\\/01\\\/f8ff7c3f63dec3fc128b6f80458a6ff2.jpg\",\"width\":1200,\"height\":1200},{\"@type\":\"BreadcrumbList\",\"@id\":\"http:\\\/\\\/anhthu24h.com\\\/?page_id=672#breadcrumb\",\"itemListElement\":[{\"@type\":\"ListItem\",\"position\":1,\"name\":\"Trang ch\u1ee7\",\"item\":\"http:\\\/\\\/anhthu24h.com\\\/\"},{\"@type\":\"ListItem\",\"position\":2,\"name\":\"OPPO \u2013 REALME\"}]},{\"@type\":\"WebSite\",\"@id\":\"http:\\\/\\\/anhthu24h.com\\\/#website\",\"url\":\"http:\\\/\\\/anhthu24h.com\\\/\",\"name\":\"ANH THU 24H\",\"description\":\"Gi\u1ea3i Ph&aacute;p S\u1eeda ch\u1eefa \u0110i\u1ec7n Tho\u1ea1i  \",\"publisher\":{\"@id\":\"http:\\\/\\\/anhthu24h.com\\\/#organization\"},\"potentialAction\":[{\"@type\":\"SearchAction\",\"target\":{\"@type\":\"EntryPoint\",\"urlTemplate\":\"http:\\\/\\\/anhthu24h.com\\\/?s={search_term_string}\"},\"query-input\":{\"@type\":\"PropertyValueSpecification\",\"valueRequired\":true,\"valueName\":\"search_term_string\"}}],\"inLanguage\":\"vi\"},{\"@type\":\"Organization\",\"@id\":\"http:\\\/\\\/anhthu24h.com\\\/#organization\",\"name\":\"ANH THU 24H\",\"url\":\"http:\\\/\\\/anhthu24h.com\\\/\",\"logo\":{\"@type\":\"ImageObject\",\"inLanguage\":\"vi\",\"@id\":\"http:\\\/\\\/anhthu24h.com\\\/#\\\/schema\\\/logo\\\/image\\\/\",\"url\":\"http:\\\/\\\/anhthu24h.com\\\/wp-content\\\/uploads\\\/2025\\\/10\\\/width_800.png\",\"contentUrl\":\"http:\\\/\\\/anhthu24h.com\\\/wp-content\\\/uploads\\\/2025\\\/10\\\/width_800.png\",\"width\":800,\"height\":800,\"caption\":\"ANH THU 24H\"},\"image\":{\"@id\":\"http:\\\/\\\/anhthu24h.com\\\/#\\\/schema\\\/logo\\\/image\\\/\"}}]}<\/script>\n<!-- \/ Yoast SEO plugin. -->","yoast_head_json":{"title":"OPPO \u2013 REALME - ANHTHU24H","description":"ANHTHU24H l\u00e0 trung t\u00e2m s\u1eeda ch\u1eefa \u0111i\u1ec7n tho\u1ea1i chuy\u00ean s\u00e2u OPPO & REALME, nh\u1eadn thay c\u00e1p g\u1eadp OPPO Find X2, Find X3, Find X4 v\u00e0 \u00e9p k\u00ednh \u2013 thay m\u00e0n h\u00ecnh OPPO RENO, REALME v\u1edbi k\u1ef9 thu\u1eadt vi\u00ean kinh nghi\u1ec7m, thi\u1ebft b\u1ecb hi\u1ec7n \u0111\u1ea1i, thao t\u00e1c chu\u1ea9n \u2013 an to\u00e0n cho m\u00e0n h\u00ecnh.\ud83d\udd27 NH\u1eacN THAY C\u00c1P G\u1eacP OPPO FIND X2 \/ X3 \/ X4C\u00e1p g\u1eadp OPPO Find l\u00e0 linh ki\u1ec7n quan tr\u1ecdng, d\u1ec5 l\u1ed7i sau th\u1eddi gian s\u1eed d\u1ee5ng. Khi c\u00e1p h\u01b0 th\u01b0\u1eddng g\u00e2y:M\u1edf g\u1eadp kh\u00f4ng l\u00ean m\u00e0nS\u1ecdc m\u00e0n, ch\u1edbp m\u00e0n, \u0111en n\u1eeda m\u00e0nM\u1ea5t c\u1ea3m \u1ee9ng khi g\u1eadp \/ m\u1edfM\u1ea5t s\u00f3ng, loa, micM\u00e1y t\u1ef1 t\u1eaft ngu\u1ed3n, treo logo\ud83d\udc49 ANHTHU24H nh\u1eadn thay c\u00e1p g\u1eadp \u0111\u00fang \u0111\u1eddi m\u00e1y, \u0111\u1ea3m b\u1ea3o ho\u1ea1t \u0111\u1ed9ng \u1ed5n \u0111\u1ecbnh, b\u1ec1n l\u00e2u.\u2714\ufe0f Thay c\u00e1p g\u1eadp OPPO Find X2 \/ X3 \/ X4\u2714\ufe0f B\u00e1o gi\u00e1 tr\u01b0\u1edbc \u2013 kh\u00f4ng ph\u00e1t sinh\u2714\ufe0f B\u1ea3o h\u00e0nh r\u00f5 r\u00e0ng","robots":{"index":"index","follow":"follow","max-snippet":"max-snippet:-1","max-image-preview":"max-image-preview:large","max-video-preview":"max-video-preview:-1"},"canonical":"http:\/\/anhthu24h.com\/?page_id=672","og_locale":"vi_VN","og_type":"article","og_title":"OPPO \u2013 REALME - ANHTHU24H","og_description":"ANHTHU24H l\u00e0 trung t\u00e2m s\u1eeda ch\u1eefa \u0111i\u1ec7n tho\u1ea1i chuy\u00ean s\u00e2u OPPO & REALME, nh\u1eadn thay c\u00e1p g\u1eadp OPPO Find X2, Find X3, Find X4 v\u00e0 \u00e9p k\u00ednh \u2013 thay m\u00e0n h\u00ecnh OPPO RENO, REALME v\u1edbi k\u1ef9 thu\u1eadt vi\u00ean kinh nghi\u1ec7m, thi\u1ebft b\u1ecb hi\u1ec7n \u0111\u1ea1i, thao t\u00e1c chu\u1ea9n \u2013 an to\u00e0n cho m\u00e0n h\u00ecnh.\ud83d\udd27 NH\u1eacN THAY C\u00c1P G\u1eacP OPPO FIND X2 \/ X3 \/ X4C\u00e1p g\u1eadp OPPO Find l\u00e0 linh ki\u1ec7n quan tr\u1ecdng, d\u1ec5 l\u1ed7i sau th\u1eddi gian s\u1eed d\u1ee5ng. Khi c\u00e1p h\u01b0 th\u01b0\u1eddng g\u00e2y:M\u1edf g\u1eadp kh\u00f4ng l\u00ean m\u00e0nS\u1ecdc m\u00e0n, ch\u1edbp m\u00e0n, \u0111en n\u1eeda m\u00e0nM\u1ea5t c\u1ea3m \u1ee9ng khi g\u1eadp \/ m\u1edfM\u1ea5t s\u00f3ng, loa, micM\u00e1y t\u1ef1 t\u1eaft ngu\u1ed3n, treo logo\ud83d\udc49 ANHTHU24H nh\u1eadn thay c\u00e1p g\u1eadp \u0111\u00fang \u0111\u1eddi m\u00e1y, \u0111\u1ea3m b\u1ea3o ho\u1ea1t \u0111\u1ed9ng \u1ed5n \u0111\u1ecbnh, b\u1ec1n l\u00e2u.\u2714\ufe0f Thay c\u00e1p g\u1eadp OPPO Find X2 \/ X3 \/ X4\u2714\ufe0f B\u00e1o gi\u00e1 tr\u01b0\u1edbc \u2013 kh\u00f4ng ph\u00e1t sinh\u2714\ufe0f B\u1ea3o h\u00e0nh r\u00f5 r\u00e0ng","og_url":"http:\/\/anhthu24h.com\/?page_id=672","og_site_name":"ANHTHU24H","article_modified_time":"2026-01-22T06:08:23+00:00","og_image":[{"width":1200,"height":1200,"url":"http:\/\/anhthu24h.com\/wp-content\/uploads\/2026\/01\/f8ff7c3f63dec3fc128b6f80458a6ff2.jpg","type":"image\/jpeg"}],"twitter_card":"summary_large_image","twitter_misc":{"\u01af\u1edbc t\u00ednh th\u1eddi gian \u0111\u1ecdc":"4 ph\u00fat"},"schema":{"@context":"https:\/\/schema.org","@graph":[{"@type":"WebPage","@id":"http:\/\/anhthu24h.com\/?page_id=672","url":"http:\/\/anhthu24h.com\/?page_id=672","name":"OPPO \u2013 REALME - ANHTHU24H","isPartOf":{"@id":"http:\/\/anhthu24h.com\/#website"},"primaryImageOfPage":{"@id":"http:\/\/anhthu24h.com\/?page_id=672#primaryimage"},"image":{"@id":"http:\/\/anhthu24h.com\/?page_id=672#primaryimage"},"thumbnailUrl":"http:\/\/anhthu24h.com\/wp-content\/uploads\/2026\/01\/f8ff7c3f63dec3fc128b6f80458a6ff2.jpg","datePublished":"2026-01-20T04:42:59+00:00","dateModified":"2026-01-22T06:08:23+00:00","description":"ANHTHU24H l\u00e0 trung t\u00e2m s\u1eeda ch\u1eefa \u0111i\u1ec7n tho\u1ea1i chuy\u00ean s\u00e2u OPPO & REALME, nh\u1eadn thay c\u00e1p g\u1eadp OPPO Find X2, Find X3, Find X4 v\u00e0 \u00e9p k\u00ednh \u2013 thay m\u00e0n h\u00ecnh OPPO RENO, REALME v\u1edbi k\u1ef9 thu\u1eadt vi\u00ean kinh nghi\u1ec7m, thi\u1ebft b\u1ecb hi\u1ec7n \u0111\u1ea1i, thao t\u00e1c chu\u1ea9n \u2013 an to\u00e0n cho m\u00e0n h\u00ecnh.\ud83d\udd27 NH\u1eacN THAY C\u00c1P G\u1eacP OPPO FIND X2 \/ X3 \/ X4C\u00e1p g\u1eadp OPPO Find l\u00e0 linh ki\u1ec7n quan tr\u1ecdng, d\u1ec5 l\u1ed7i sau th\u1eddi gian s\u1eed d\u1ee5ng. Khi c\u00e1p h\u01b0 th\u01b0\u1eddng g\u00e2y:M\u1edf g\u1eadp kh\u00f4ng l\u00ean m\u00e0nS\u1ecdc m\u00e0n, ch\u1edbp m\u00e0n, \u0111en n\u1eeda m\u00e0nM\u1ea5t c\u1ea3m \u1ee9ng khi g\u1eadp \/ m\u1edfM\u1ea5t s\u00f3ng, loa, micM\u00e1y t\u1ef1 t\u1eaft ngu\u1ed3n, treo logo\ud83d\udc49 ANHTHU24H nh\u1eadn thay c\u00e1p g\u1eadp \u0111\u00fang \u0111\u1eddi m\u00e1y, \u0111\u1ea3m b\u1ea3o ho\u1ea1t \u0111\u1ed9ng \u1ed5n \u0111\u1ecbnh, b\u1ec1n l\u00e2u.\u2714\ufe0f Thay c\u00e1p g\u1eadp OPPO Find X2 \/ X3 \/ X4\u2714\ufe0f B\u00e1o gi\u00e1 tr\u01b0\u1edbc \u2013 kh\u00f4ng ph\u00e1t sinh\u2714\ufe0f B\u1ea3o h\u00e0nh r\u00f5 r\u00e0ng","breadcrumb":{"@id":"http:\/\/anhthu24h.com\/?page_id=672#breadcrumb"},"inLanguage":"vi","potentialAction":[{"@type":"ReadAction","target":["http:\/\/anhthu24h.com\/?page_id=672"]}]},{"@type":"ImageObject","inLanguage":"vi","@id":"http:\/\/anhthu24h.com\/?page_id=672#primaryimage","url":"http:\/\/anhthu24h.com\/wp-content\/uploads\/2026\/01\/f8ff7c3f63dec3fc128b6f80458a6ff2.jpg","contentUrl":"http:\/\/anhthu24h.com\/wp-content\/uploads\/2026\/01\/f8ff7c3f63dec3fc128b6f80458a6ff2.jpg","width":1200,"height":1200},{"@type":"BreadcrumbList","@id":"http:\/\/anhthu24h.com\/?page_id=672#breadcrumb","itemListElement":[{"@type":"ListItem","position":1,"name":"Trang ch\u1ee7","item":"http:\/\/anhthu24h.com\/"},{"@type":"ListItem","position":2,"name":"OPPO \u2013 REALME"}]},{"@type":"WebSite","@id":"http:\/\/anhthu24h.com\/#website","url":"http:\/\/anhthu24h.com\/","name":"ANH THU 24H","description":"Gi\u1ea3i Ph&aacute;p S\u1eeda ch\u1eefa \u0110i\u1ec7n Tho\u1ea1i  ","publisher":{"@id":"http:\/\/anhthu24h.com\/#organization"},"potentialAction":[{"@type":"SearchAction","target":{"@type":"EntryPoint","urlTemplate":"http:\/\/anhthu24h.com\/?s={search_term_string}"},"query-input":{"@type":"PropertyValueSpecification","valueRequired":true,"valueName":"search_term_string"}}],"inLanguage":"vi"},{"@type":"Organization","@id":"http:\/\/anhthu24h.com\/#organization","name":"ANH THU 24H","url":"http:\/\/anhthu24h.com\/","logo":{"@type":"ImageObject","inLanguage":"vi","@id":"http:\/\/anhthu24h.com\/#\/schema\/logo\/image\/","url":"http:\/\/anhthu24h.com\/wp-content\/uploads\/2025\/10\/width_800.png","contentUrl":"http:\/\/anhthu24h.com\/wp-content\/uploads\/2025\/10\/width_800.png","width":800,"height":800,"caption":"ANH THU 24H"},"image":{"@id":"http:\/\/anhthu24h.com\/#\/schema\/logo\/image\/"}}]}},"_links":{"self":[{"href":"http:\/\/anhthu24h.com\/index.php?rest_route=\/wp\/v2\/pages\/672","targetHints":{"allow":["GET"]}}],"collection":[{"href":"http:\/\/anhthu24h.com\/index.php?rest_route=\/wp\/v2\/pages"}],"about":[{"href":"http:\/\/anhthu24h.com\/index.php?rest_route=\/wp\/v2\/types\/page"}],"author":[{"embeddable":true,"href":"http:\/\/anhthu24h.com\/index.php?rest_route=\/wp\/v2\/users\/1"}],"replies":[{"embeddable":true,"href":"http:\/\/anhthu24h.com\/index.php?rest_route=%2Fwp%2Fv2%2Fcomments&post=672"}],"version-history":[{"count":3,"href":"http:\/\/anhthu24h.com\/index.php?rest_route=\/wp\/v2\/pages\/672\/revisions"}],"predecessor-version":[{"id":884,"href":"http:\/\/anhthu24h.com\/index.php?rest_route=\/wp\/v2\/pages\/672\/revisions\/884"}],"wp:featuredmedia":[{"embeddable":true,"href":"http:\/\/anhthu24h.com\/index.php?rest_route=\/wp\/v2\/media\/841"}],"wp:attachment":[{"href":"http:\/\/anhthu24h.com\/index.php?rest_route=%2Fwp%2Fv2%2Fmedia&parent=672"}],"curies":[{"name":"wp","href":"https:\/\/api.w.org\/{rel}","templated":true}]}}